CRAN Package Check Results for Package pgirmess

Last updated on 2022-10-03 21:53:44 CEST.

Flavor Version Tinstall Tcheck Ttotal Status Flags
r-devel-linux-x86_64-debian-clang 2.0.0 7.96 91.33 99.29 OK
r-devel-linux-x86_64-debian-gcc 2.0.0 6.07 66.46 72.53 OK
r-devel-linux-x86_64-fedora-clang 2.0.0 129.38 NOTE
r-devel-linux-x86_64-fedora-gcc 2.0.0 128.31 OK
r-devel-windows-x86_64 2.0.0 37.00 125.00 162.00 OK
r-patched-linux-x86_64 2.0.0 9.10 83.99 93.09 OK
r-release-linux-x86_64 2.0.0 5.60 86.38 91.98 OK
r-release-macos-arm64 2.0.0 92.00 OK
r-release-macos-x86_64 2.0.0 118.00 OK
r-release-windows-x86_64 2.0.0 41.00 124.00 165.00 OK
r-oldrel-macos-arm64 2.0.0 68.00 OK
r-oldrel-macos-x86_64 2.0.0 112.00 OK
r-oldrel-windows-ix86+x86_64 2.0.0 21.00 108.00 129.00 OK

Check Details

Version: 2.0.0
Check: Rd cross-references
Result: NOTE
    Undeclared packages ‘classInt’, ‘maptools’, ‘PMCMR’, ‘agricolae’, ‘rgdal’, ‘plotrix’, ‘AICcmodavg’ in Rd xrefs
Flavor: r-devel-linux-x86_64-fedora-clang