Last updated on 2025-10-21 21:01:14 CEST.
Flavor | Version | Tinstall | Tcheck | Ttotal | Status | Flags |
---|---|---|---|---|---|---|
r-devel-linux-x86_64-debian-clang | 0.3.0 | 5.19 | 39.35 | 44.54 | NOTE | |
r-devel-linux-x86_64-debian-gcc | 0.3.0 | 3.51 | 29.82 | 33.33 | NOTE | |
r-devel-linux-x86_64-fedora-clang | 0.3.0 | 13.00 | 53.15 | 66.15 | NOTE | |
r-devel-linux-x86_64-fedora-gcc | 0.3.0 | 11.00 | 50.22 | 61.22 | NOTE | |
r-devel-windows-x86_64 | 0.3.0 | 7.00 | 59.00 | 66.00 | NOTE | |
r-patched-linux-x86_64 | 0.3.0 | 4.57 | 37.11 | 41.68 | NOTE | |
r-release-linux-x86_64 | 0.3.0 | 4.19 | 37.44 | 41.63 | NOTE | |
r-release-macos-arm64 | 0.3.0 | 2.00 | 23.00 | 25.00 | NOTE | |
r-release-macos-x86_64 | 0.3.0 | 4.00 | 34.00 | 38.00 | NOTE | |
r-release-windows-x86_64 | 0.3.0 | 7.00 | 65.00 | 72.00 | NOTE | |
r-oldrel-macos-arm64 | 0.3.0 | 2.00 | 22.00 | 24.00 | NOTE | |
r-oldrel-macos-x86_64 | 0.3.0 | 5.00 | 40.00 | 45.00 | NOTE | |
r-oldrel-windows-x86_64 | 0.3.0 | 9.00 | 68.00 | 77.00 | NOTE |
Version: 0.3.0
Check: Rd files
Result: NOTE
checkRd: (-1) read_PN.Rd:15: Lost braces
15 | A code{\link{marked_petrinet}}
| ^
Flavors: r-devel-linux-x86_64-debian-clang, r-devel-linux-x86_64-debian-gcc, r-devel-linux-x86_64-fedora-clang, r-devel-linux-x86_64-fedora-gcc, r-devel-windows-x86_64, r-patched-linux-x86_64, r-release-linux-x86_64, r-release-macos-arm64, r-release-macos-x86_64, r-release-windows-x86_64, r-oldrel-macos-arm64, r-oldrel-macos-x86_64, r-oldrel-windows-x86_64
Version: 0.3.0
Check: HTML version of manual
Result: NOTE
Found the following HTML validation problems:
Utils.html:82:1 (Utils.Rd:44): Warning: missing </ul> before </div>
enabled.html:46:1 (enabled.Rd:10): Warning: missing </ul> before </div>
enabled_transition.html:50:1 (enabled_transition.Rd:12): Warning: missing </ul> before </div>
execute.html:52:1 (execute.Rd:12): Warning: missing </ul> before </div>
final_marking.html:46:1 (final_marking.Rd:10): Warning: missing </ul> before </div>
initial_marking.html:46:1 (initial_marking.Rd:10): Warning: missing </ul> before </div>
marking.html:46:1 (marking.Rd:10): Warning: missing </ul> before </div>
nodes.html:46:1 (nodes.Rd:10): Warning: missing </ul> before </div>
parse_trace.html:50:1 (parse_trace.Rd:12): Warning: missing </ul> before </div>
parsel_trace.html:50:1 (parsel_trace.Rd:12): Warning: missing </ul> before </div>
part_of.html:50:1 (part_of.Rd:12): Warning: missing </ul> before </div>
post_set.html:50:1 (post_set.Rd:12): Warning: missing </ul> before </div>
pre_set.html:50:1 (pre_set.Rd:12): Warning: missing </ul> before </div>
render_PN.html:46:1 (render_PN.Rd:10): Warning: missing </ul> before </div>
visNetwork_from_PN.html:46:1 (visNetwork_from_PN.Rd:10): Warning: missing </ul> before </div>
Flavors: r-devel-linux-x86_64-debian-clang, r-devel-linux-x86_64-debian-gcc