CRAN Package Check Results for Package petrinetR

Last updated on 2023-11-28 20:48:33 CET.

Flavor Version Tinstall Tcheck Ttotal Status Flags
r-devel-linux-x86_64-debian-clang 0.3.0 5.66 46.77 52.43 NOTE
r-devel-linux-x86_64-debian-gcc 0.3.0 4.18 35.26 39.44 NOTE
r-devel-linux-x86_64-fedora-clang 0.3.0 66.90 OK
r-devel-linux-x86_64-fedora-gcc 0.3.0 60.86 OK
r-devel-windows-x86_64 0.3.0 6.00 58.00 64.00 OK
r-patched-linux-x86_64 0.3.0 6.36 43.84 50.20 OK
r-release-linux-x86_64 0.3.0 3.78 44.14 47.92 OK
r-release-macos-arm64 0.3.0 25.00 OK
r-release-macos-x86_64 0.3.0 33.00 OK
r-release-windows-x86_64 0.3.0 8.00 65.00 73.00 OK
r-oldrel-macos-arm64 0.3.0 28.00 OK
r-oldrel-macos-x86_64 0.3.0 32.00 OK
r-oldrel-windows-x86_64 0.3.0 9.00 64.00 73.00 OK

Check Details

Version: 0.3.0
Check: Rd files
Result: NOTE checkRd: (-1) read_PN.Rd:15: Lost braces 15 | A code{\link{marked_petrinet}} | ^ Flavors: r-devel-linux-x86_64-debian-clang, r-devel-linux-x86_64-debian-gcc