Last updated on 2024-03-27 19:57:00 CET.
Flavor | Version | Tinstall | Tcheck | Ttotal | Status | Flags |
---|---|---|---|---|---|---|
r-devel-linux-x86_64-debian-clang | 0.8.2 | 4.27 | 53.70 | 57.97 | NOTE | |
r-devel-linux-x86_64-debian-gcc | 0.8.2 | 3.08 | 40.97 | 44.05 | NOTE | |
r-devel-linux-x86_64-fedora-clang | 0.8.2 | 72.69 | NOTE | |||
r-devel-linux-x86_64-fedora-gcc | 0.8.2 | 82.90 | NOTE | |||
r-devel-windows-x86_64 | 0.8.2 | 4.00 | 61.00 | 65.00 | NOTE | |
r-patched-linux-x86_64 | 0.8.2 | 4.06 | 49.69 | 53.75 | NOTE | |
r-release-linux-x86_64 | 0.8.2 | 2.30 | 50.14 | 52.44 | NOTE | |
r-release-macos-arm64 | 0.8.2 | 35.00 | NOTE | |||
r-release-macos-x86_64 | 0.8.2 | 44.00 | NOTE | |||
r-release-windows-x86_64 | 0.8.2 | 6.00 | 63.00 | 69.00 | NOTE | |
r-oldrel-macos-arm64 | 0.8.2 | 23.00 | NOTE | |||
r-oldrel-windows-x86_64 | 0.8.2 | 6.00 | 70.00 | 76.00 | NOTE |
Version: 0.8.2
Check: package subdirectories
Result: NOTE
Problems with news in ‘NEWS.md’:
Cannot extract version info from the following section titles:
Fixed issues
Flavors: r-devel-linux-x86_64-debian-clang, r-devel-linux-x86_64-debian-gcc, r-devel-linux-x86_64-fedora-clang, r-devel-linux-x86_64-fedora-gcc, r-devel-windows-x86_64, r-patched-linux-x86_64, r-release-linux-x86_64, r-release-macos-arm64, r-release-macos-x86_64, r-release-windows-x86_64
Version: 0.8.2
Check: LazyData
Result: NOTE
'LazyData' is specified without a 'data' directory
Flavors: r-devel-linux-x86_64-debian-clang, r-devel-linux-x86_64-debian-gcc, r-devel-linux-x86_64-fedora-clang, r-devel-linux-x86_64-fedora-gcc, r-devel-windows-x86_64, r-patched-linux-x86_64, r-release-linux-x86_64, r-release-macos-arm64, r-release-macos-x86_64, r-release-windows-x86_64, r-oldrel-macos-arm64, r-oldrel-windows-x86_64