CRAN Package Check Results for Package pestr

Last updated on 2024-06-12 20:59:07 CEST.

Flavor Version Tinstall Tcheck Ttotal Status Flags
r-devel-linux-x86_64-debian-clang 0.8.2 3.60 55.49 59.09 NOTE
r-devel-linux-x86_64-debian-gcc 0.8.2 0.41 1.79 2.20 ERROR
r-devel-linux-x86_64-fedora-clang 0.8.2 76.01 NOTE
r-devel-linux-x86_64-fedora-gcc 0.8.2 84.51 NOTE
r-devel-windows-x86_64 0.8.2 4.00 62.00 66.00 NOTE
r-patched-linux-x86_64 0.8.2 2.89 52.84 55.73 NOTE
r-release-linux-x86_64 0.8.2 2.35 53.95 56.30 NOTE
r-release-macos-arm64 0.8.2 38.00 NOTE
r-release-macos-x86_64 0.8.2 75.00 NOTE
r-release-windows-x86_64 0.8.2 5.00 68.00 73.00 NOTE
r-oldrel-macos-arm64 0.8.2 35.00 NOTE
r-oldrel-macos-x86_64 0.8.2 44.00 NOTE
r-oldrel-windows-x86_64 0.8.2 6.00 69.00 75.00 NOTE

Check Details

Version: 0.8.2
Check: package subdirectories
Result: NOTE Problems with news in ‘NEWS.md’: Cannot extract version info from the following section titles: Fixed issues Flavors: r-devel-linux-x86_64-debian-clang, r-devel-linux-x86_64-fedora-clang, r-devel-linux-x86_64-fedora-gcc, r-devel-windows-x86_64, r-patched-linux-x86_64, r-release-linux-x86_64, r-release-macos-arm64, r-release-macos-x86_64, r-release-windows-x86_64, r-oldrel-macos-arm64, r-oldrel-macos-x86_64, r-oldrel-windows-x86_64

Version: 0.8.2
Check: LazyData
Result: NOTE 'LazyData' is specified without a 'data' directory Flavors: r-devel-linux-x86_64-debian-clang, r-devel-linux-x86_64-fedora-clang, r-devel-linux-x86_64-fedora-gcc, r-devel-windows-x86_64, r-patched-linux-x86_64, r-release-linux-x86_64, r-release-macos-arm64, r-release-macos-x86_64, r-release-windows-x86_64, r-oldrel-macos-arm64, r-oldrel-macos-x86_64, r-oldrel-windows-x86_64

Version: 0.8.2
Check: package dependencies
Result: ERROR Packages required but not available: 'dplyr', 'readr', 'RSQLite', 'tidyr' Packages suggested but not available for checking: 'roxygen2', 'testthat' See section ‘The DESCRIPTION file’ in the ‘Writing R Extensions’ manual. Flavor: r-devel-linux-x86_64-debian-gcc