CRAN Package Check Results for Package pestr

Last updated on 2023-06-02 22:01:20 CEST.

Flavor Version Tinstall Tcheck Ttotal Status Flags
r-devel-linux-x86_64-debian-clang 0.8.2 4.15 55.33 59.48 NOTE
r-devel-linux-x86_64-debian-gcc 0.8.2 3.09 42.07 45.16 NOTE
r-devel-linux-x86_64-fedora-clang 0.8.2 73.59 NOTE
r-devel-linux-x86_64-fedora-gcc 0.8.2 80.23 NOTE
r-devel-windows-x86_64 0.8.2 5.00 64.00 69.00 NOTE
r-patched-linux-x86_64 0.8.2 NOTE
r-release-linux-x86_64 0.8.2 2.99 51.71 54.70 NOTE
r-release-macos-arm64 0.8.2 35.00 NOTE
r-release-macos-x86_64 0.8.2 44.00 NOTE
r-release-windows-x86_64 0.8.2 6.00 72.00 78.00 NOTE
r-oldrel-macos-arm64 0.8.2 23.00 NOTE
r-oldrel-macos-x86_64 0.8.2 41.00 NOTE
r-oldrel-windows-x86_64 0.8.2 6.00 73.00 79.00 NOTE

Check Details

Version: 0.8.2
Check: package subdirectories
Result: NOTE
    Problems with news in ‘NEWS.md’:
     Cannot extract version info from the following section titles:
     Fixed issues
Flavors: r-devel-linux-x86_64-debian-clang, r-devel-linux-x86_64-debian-gcc, r-devel-linux-x86_64-fedora-clang, r-devel-linux-x86_64-fedora-gcc, r-devel-windows-x86_64, r-patched-linux-x86_64, r-release-linux-x86_64, r-release-macos-arm64, r-release-macos-x86_64, r-release-windows-x86_64

Version: 0.8.2
Check: LazyData
Result: NOTE
     'LazyData' is specified without a 'data' directory
Flavors: r-devel-linux-x86_64-debian-clang, r-devel-linux-x86_64-debian-gcc, r-devel-linux-x86_64-fedora-clang, r-devel-linux-x86_64-fedora-gcc, r-devel-windows-x86_64, r-patched-linux-x86_64, r-release-linux-x86_64, r-release-macos-arm64, r-release-macos-x86_64, r-release-windows-x86_64, r-oldrel-macos-arm64, r-oldrel-macos-x86_64, r-oldrel-windows-x86_64