Last updated on 2025-05-06 20:50:48 CEST.
Flavor | Version | Tinstall | Tcheck | Ttotal | Status | Flags |
---|---|---|---|---|---|---|
r-devel-linux-x86_64-debian-clang | 0.0.1 | 56.03 | 112.97 | 169.00 | NOTE | |
r-devel-linux-x86_64-debian-gcc | 0.0.1 | 41.20 | 75.77 | 116.97 | NOTE | |
r-devel-linux-x86_64-fedora-clang | 0.0.1 | 302.48 | NOTE | |||
r-devel-linux-x86_64-fedora-gcc | 0.0.1 | 284.86 | NOTE | |||
r-devel-windows-x86_64 | 0.0.1 | 58.00 | 126.00 | 184.00 | NOTE | |
r-patched-linux-x86_64 | 0.0.1 | 55.53 | 106.28 | 161.81 | NOTE | |
r-release-linux-x86_64 | 0.0.1 | 56.82 | 104.88 | 161.70 | NOTE | |
r-release-macos-arm64 | 0.0.1 | 76.00 | NOTE | |||
r-release-macos-x86_64 | 0.0.1 | 176.00 | NOTE | |||
r-release-windows-x86_64 | 0.0.1 | 58.00 | 125.00 | 183.00 | NOTE | |
r-oldrel-macos-arm64 | 0.0.1 | 68.00 | NOTE | |||
r-oldrel-macos-x86_64 | 0.0.1 | 89.00 | NOTE | |||
r-oldrel-windows-x86_64 | 0.0.1 | 71.00 | 163.00 | 234.00 | NOTE |
Version: 0.0.1
Check: CRAN incoming feasibility
Result: NOTE
Maintainer: ‘Jared Huling <jaredhuling@gmail.com>’
Package CITATION file contains call(s) to old-style citEntry(). Please
use bibentry() instead.
Flavors: r-devel-linux-x86_64-debian-clang, r-devel-linux-x86_64-debian-gcc
Version: 0.0.1
Check: C++ specification
Result: NOTE
Specified C++11: please drop specification unless essential
Flavors: r-devel-linux-x86_64-debian-clang, r-devel-linux-x86_64-debian-gcc, r-devel-linux-x86_64-fedora-clang, r-devel-linux-x86_64-fedora-gcc, r-devel-windows-x86_64, r-patched-linux-x86_64, r-release-linux-x86_64, r-release-macos-arm64, r-release-macos-x86_64, r-release-windows-x86_64, r-oldrel-macos-arm64, r-oldrel-macos-x86_64, r-oldrel-windows-x86_64
Version: 0.0.1
Check: installed package size
Result: NOTE
installed size is 11.2Mb
sub-directories of 1Mb or more:
libs 10.9Mb
Flavors: r-oldrel-macos-arm64, r-oldrel-macos-x86_64
Version: 0.0.1
Check: LazyData
Result: NOTE
'LazyData' is specified without a 'data' directory
Flavors: r-oldrel-macos-arm64, r-oldrel-macos-x86_64, r-oldrel-windows-x86_64