Last updated on 2024-03-27 19:57:00 CET.
Flavor | Version | Tinstall | Tcheck | Ttotal | Status | Flags |
---|---|---|---|---|---|---|
r-devel-linux-x86_64-debian-clang | 0.0.1 | 91.19 | 132.60 | 223.79 | NOTE | |
r-devel-linux-x86_64-debian-gcc | 0.0.1 | 71.23 | 100.04 | 171.27 | NOTE | |
r-devel-linux-x86_64-fedora-clang | 0.0.1 | 298.34 | NOTE | |||
r-devel-linux-x86_64-fedora-gcc | 0.0.1 | 298.37 | NOTE | |||
r-devel-windows-x86_64 | 0.0.1 | 67.00 | 121.00 | 188.00 | NOTE | |
r-patched-linux-x86_64 | 0.0.1 | 68.90 | 129.18 | 198.08 | NOTE | |
r-release-linux-x86_64 | 0.0.1 | 63.63 | 132.51 | 196.14 | NOTE | |
r-release-macos-arm64 | 0.0.1 | 87.00 | NOTE | |||
r-release-macos-x86_64 | 0.0.1 | 128.00 | NOTE | |||
r-release-windows-x86_64 | 0.0.1 | 84.00 | 209.00 | 293.00 | NOTE | |
r-oldrel-macos-arm64 | 0.0.1 | 71.00 | NOTE | |||
r-oldrel-windows-x86_64 | 0.0.1 | 85.00 | 151.00 | 236.00 | NOTE |
Version: 0.0.1
Check: C++ specification
Result: NOTE
Specified C++11: please drop specification unless essential
Flavors: r-devel-linux-x86_64-debian-clang, r-devel-linux-x86_64-debian-gcc, r-devel-linux-x86_64-fedora-clang, r-devel-linux-x86_64-fedora-gcc, r-devel-windows-x86_64, r-patched-linux-x86_64, r-release-linux-x86_64, r-release-macos-arm64, r-release-macos-x86_64, r-release-windows-x86_64
Version: 0.0.1
Check: LazyData
Result: NOTE
'LazyData' is specified without a 'data' directory
Flavors: r-devel-linux-x86_64-debian-clang, r-devel-linux-x86_64-debian-gcc, r-devel-linux-x86_64-fedora-clang, r-devel-linux-x86_64-fedora-gcc, r-devel-windows-x86_64, r-patched-linux-x86_64, r-release-linux-x86_64, r-release-macos-arm64, r-release-macos-x86_64, r-release-windows-x86_64, r-oldrel-macos-arm64, r-oldrel-windows-x86_64
Version: 0.0.1
Check: installed package size
Result: NOTE
installed size is 11.9Mb
sub-directories of 1Mb or more:
libs 11.6Mb
Flavors: r-release-macos-arm64, r-release-macos-x86_64, r-oldrel-macos-arm64