Last updated on 2025-02-06 19:49:31 CET.
Flavor | Version | Tinstall | Tcheck | Ttotal | Status | Flags |
---|---|---|---|---|---|---|
r-devel-linux-x86_64-debian-clang | 0.9-7 | 3.72 | 46.52 | 50.24 | NOTE | |
r-devel-linux-x86_64-debian-gcc | 0.9-7 | 2.28 | 33.92 | 36.20 | NOTE | |
r-devel-linux-x86_64-fedora-clang | 0.9-7 | 87.80 | NOTE | |||
r-devel-linux-x86_64-fedora-gcc | 0.9-7 | 99.25 | NOTE | |||
r-devel-windows-x86_64 | 0.9-7 | 5.00 | 78.00 | 83.00 | NOTE | |
r-patched-linux-x86_64 | 0.9-7 | 3.30 | 43.85 | 47.15 | NOTE | |
r-release-linux-x86_64 | 0.9-7 | 3.27 | 44.58 | 47.85 | NOTE | |
r-release-macos-arm64 | 0.9-7 | 41.00 | NOTE | |||
r-release-macos-x86_64 | 0.9-7 | 56.00 | NOTE | |||
r-release-windows-x86_64 | 0.9-7 | 6.00 | 74.00 | 80.00 | NOTE | |
r-oldrel-macos-arm64 | 0.9-7 | 33.00 | NOTE | |||
r-oldrel-macos-x86_64 | 0.9-7 | 50.00 | NOTE | |||
r-oldrel-windows-x86_64 | 0.9-7 | 4.00 | 83.00 | 87.00 | NOTE |
Version: 0.9-7
Check: Rd files
Result: NOTE
checkRd: (-1) jackal.Rd:32: Escaped LaTeX specials: \&
Flavors: r-devel-linux-x86_64-debian-clang, r-devel-linux-x86_64-debian-gcc, r-devel-linux-x86_64-fedora-clang, r-devel-linux-x86_64-fedora-gcc, r-devel-windows-x86_64, r-patched-linux-x86_64, r-release-linux-x86_64, r-release-macos-arm64, r-release-macos-x86_64, r-release-windows-x86_64, r-oldrel-macos-arm64, r-oldrel-macos-x86_64, r-oldrel-windows-x86_64