Last updated on 2023-01-26 19:49:34 CET.
Flavor | Version | Tinstall | Tcheck | Ttotal | Status | Flags |
---|---|---|---|---|---|---|
r-devel-linux-x86_64-debian-clang | 0.2 | 18.14 | 143.37 | 161.51 | NOTE | |
r-devel-linux-x86_64-debian-gcc | 0.2 | 15.66 | 103.08 | 118.74 | NOTE | |
r-devel-linux-x86_64-fedora-clang | 0.2 | 199.06 | NOTE | |||
r-devel-linux-x86_64-fedora-gcc | 0.2 | 189.27 | NOTE | |||
r-patched-linux-x86_64 | 0.2 | 18.57 | 135.62 | 154.19 | OK | |
r-release-linux-x86_64 | 0.2 | 15.18 | 133.09 | 148.27 | OK | |
r-release-macos-arm64 | 0.2 | 47.00 | OK | |||
r-release-macos-x86_64 | 0.2 | 90.00 | OK | |||
r-release-windows-x86_64 | 0.2 | 55.00 | 152.00 | 207.00 | OK | |
r-oldrel-macos-arm64 | 0.2 | 65.00 | OK | |||
r-oldrel-macos-x86_64 | 0.2 | 101.00 | OK | |||
r-oldrel-windows-ix86+x86_64 | 0.2 | 39.00 | 158.00 | 197.00 | OK |
Version: 0.2
Check: Rd files
Result: NOTE
checkRd: (-1) my.bspline.Rd:38: Escaped LaTeX specials: \$ \$ \$
Flavors: r-devel-linux-x86_64-debian-clang, r-devel-linux-x86_64-debian-gcc, r-devel-linux-x86_64-fedora-clang, r-devel-linux-x86_64-fedora-gcc