CRAN Package Check Results for Package penalizedSVM

Last updated on 2022-09-28 21:51:44 CEST.

Flavor Version Tinstall Tcheck Ttotal Status Flags
r-devel-linux-x86_64-debian-clang 1.1.3 7.06 46.62 53.68 NOTE
r-devel-linux-x86_64-debian-gcc 1.1.3 5.60 35.25 40.85 NOTE
r-devel-linux-x86_64-fedora-clang 1.1.3 77.02 NOTE
r-devel-linux-x86_64-fedora-gcc 1.1.3 75.05 NOTE
r-devel-windows-x86_64 1.1.3 47.00 71.00 118.00 NOTE
r-patched-linux-x86_64 1.1.3 6.54 44.71 51.25 OK
r-release-linux-x86_64 1.1.3 6.89 44.00 50.89 OK
r-release-macos-arm64 1.1.3 23.00 OK
r-release-macos-x86_64 1.1.3 30.00 OK
r-release-windows-x86_64 1.1.3 27.00 69.00 96.00 OK
r-oldrel-macos-arm64 1.1.3 21.00 OK
r-oldrel-macos-x86_64 1.1.3 29.00 OK
r-oldrel-windows-ix86+x86_64 1.1.3 13.00 69.00 82.00 OK

Check Details

Version: 1.1.3
Check: package subdirectories
Result: NOTE
    Problems with news in 'NEWS.md':
    No news entries found.
Flavors: r-devel-linux-x86_64-debian-clang, r-devel-linux-x86_64-debian-gcc, r-devel-linux-x86_64-fedora-clang, r-devel-linux-x86_64-fedora-gcc, r-devel-windows-x86_64

Version: 1.1.3
Check: Rd files
Result: NOTE
    checkRd: (-1) simulate.data.Rd:27: Escaped LaTeX specials: \_ \_
    checkRd: (-1) simulate.data.Rd:28: Escaped LaTeX specials: \_ \_
Flavors: r-devel-linux-x86_64-debian-clang, r-devel-linux-x86_64-debian-gcc, r-devel-linux-x86_64-fedora-clang, r-devel-linux-x86_64-fedora-gcc, r-devel-windows-x86_64