Last updated on 2024-03-28 19:48:39 CET.
Flavor | Version | Tinstall | Tcheck | Ttotal | Status | Flags |
---|---|---|---|---|---|---|
r-devel-linux-x86_64-debian-clang | 0.1.3 | 1510.34 | 332.93 | 1843.27 | NOTE | |
r-devel-linux-x86_64-debian-gcc | 0.1.3 | 1461.21 | 346.96 | 1808.17 | NOTE | |
r-devel-linux-x86_64-fedora-clang | 0.1.3 | 2258.62 | NOTE | |||
r-devel-linux-x86_64-fedora-gcc | 0.1.3 | 3271.95 | NOTE | |||
r-devel-windows-x86_64 | 0.1.3 | 1188.00 | 340.00 | 1528.00 | NOTE | |
r-patched-linux-x86_64 | 0.1.3 | 1265.71 | 458.95 | 1724.66 | NOTE | |
r-release-linux-x86_64 | 0.1.3 | 0.01 | 3.49 | 3.50 | ERROR | |
r-release-macos-arm64 | 0.1.3 | 582.00 | NOTE | |||
r-release-macos-x86_64 | 0.1.3 | 922.00 | NOTE | |||
r-release-windows-x86_64 | 0.1.3 | 1546.00 | 417.00 | 1963.00 | NOTE | |
r-oldrel-macos-arm64 | 0.1.3 | 426.00 | NOTE | |||
r-oldrel-windows-x86_64 | 0.1.3 | 1519.00 | 385.00 | 1904.00 | NOTE |
Version: 0.1.3
Check: for GNU extensions in Makefiles
Result: NOTE
GNU make is a SystemRequirements.
Flavors: r-devel-linux-x86_64-debian-clang, r-devel-linux-x86_64-debian-gcc, r-devel-linux-x86_64-fedora-clang, r-devel-linux-x86_64-fedora-gcc, r-devel-windows-x86_64, r-patched-linux-x86_64, r-release-macos-arm64, r-release-macos-x86_64, r-release-windows-x86_64, r-oldrel-macos-arm64, r-oldrel-windows-x86_64
Version: 0.1.3
Check: installed package size
Result: NOTE
installed size is 12.8Mb
sub-directories of 1Mb or more:
libs 11.8Mb
Flavors: r-devel-linux-x86_64-fedora-clang, r-devel-windows-x86_64, r-release-macos-arm64, r-release-macos-x86_64, r-release-windows-x86_64, r-oldrel-macos-arm64, r-oldrel-windows-x86_64
Version: 0.1.3
Check: whether package can be installed
Result: ERROR
Installation failed.
Flavor: r-release-linux-x86_64