CRAN Package Check Results for Package pegas

Last updated on 2022-11-26 19:55:24 CET.

Flavor Version Tinstall Tcheck Ttotal Status Flags
r-devel-linux-x86_64-debian-clang 1.1 12.42 110.58 123.00 OK
r-devel-linux-x86_64-debian-gcc 1.1 9.48 83.00 92.48 OK
r-devel-linux-x86_64-fedora-clang 1.1 162.82 OK
r-devel-linux-x86_64-fedora-gcc 1.1 158.99 OK
r-devel-windows-x86_64 1.1 61.00 194.00 255.00 OK
r-patched-linux-x86_64 1.1 OK
r-release-linux-x86_64 1.1 10.40 102.20 112.60 OK
r-release-macos-arm64 1.1 48.00 NOTE
r-release-macos-x86_64 1.1 67.00 OK
r-release-windows-x86_64 1.1 60.00 201.00 261.00 OK
r-oldrel-macos-arm64 1.1 48.00 OK
r-oldrel-macos-x86_64 1.1 70.00 OK
r-oldrel-windows-ix86+x86_64 1.1 25.00 167.00 192.00 OK

Check Details

Version: 1.1
Check: package dependencies
Result: NOTE
    Package suggested but not available for checking: ‘snpStats’
Flavor: r-release-macos-arm64