Last updated on 2024-04-22 20:53:45 CEST.
Flavor | Version | Tinstall | Tcheck | Ttotal | Status | Flags |
---|---|---|---|---|---|---|
r-devel-linux-x86_64-debian-clang | 0.1.1 | 46.45 | 29.58 | 76.03 | OK | |
r-devel-linux-x86_64-debian-gcc | 0.1.1 | 32.84 | 22.66 | 55.50 | OK | |
r-devel-linux-x86_64-fedora-clang | 0.1.1 | 112.77 | OK | |||
r-devel-linux-x86_64-fedora-gcc | 0.1.1 | 108.91 | OK | |||
r-prerel-macos-arm64 | 0.1.1 | 26.00 | OK | |||
r-prerel-windows-x86_64 | 0.1.1 | 37.00 | 64.00 | 101.00 | NOTE | |
r-patched-linux-x86_64 | 0.1.1 | 43.54 | 28.52 | 72.06 | OK | |
r-release-linux-x86_64 | 0.1.1 | 42.41 | 28.90 | 71.31 | OK | |
r-release-macos-arm64 | 0.1.1 | 32.00 | OK | |||
r-release-macos-x86_64 | 0.1.1 | 53.00 | OK | |||
r-release-windows-x86_64 | 0.1.1 | 37.00 | 70.00 | 107.00 | NOTE | |
r-oldrel-macos-arm64 | 0.1.1 | 28.00 | OK | |||
r-oldrel-windows-x86_64 | 0.1.1 | 44.00 | 71.00 | 115.00 | OK |
Version: 0.1.1
Check: C++ specification
Result: NOTE
Specified C++11: please drop specification unless essential
Flavors: r-prerel-windows-x86_64, r-release-windows-x86_64