Last updated on 2024-07-17 20:57:07 CEST.
Flavor | Version | Tinstall | Tcheck | Ttotal | Status | Flags |
---|---|---|---|---|---|---|
r-devel-linux-x86_64-debian-clang | 2023.04.12 | 17.04 | 132.25 | 149.29 | OK | |
r-devel-linux-x86_64-debian-gcc | 2023.04.12 | 13.72 | 94.02 | 107.74 | OK | |
r-devel-linux-x86_64-fedora-clang | 2023.04.12 | 196.29 | OK | |||
r-devel-linux-x86_64-fedora-gcc | 2023.04.12 | 174.22 | OK | |||
r-devel-windows-x86_64 | 2023.04.12 | 22.00 | 110.00 | 132.00 | NOTE | |
r-patched-linux-x86_64 | 2023.04.12 | 21.13 | 122.66 | 143.79 | OK | |
r-release-linux-x86_64 | 2023.04.12 | 13.52 | 123.66 | 137.18 | OK | |
r-release-macos-arm64 | 2023.04.12 | 51.00 | OK | |||
r-release-macos-x86_64 | 2023.04.12 | 76.00 | OK | |||
r-release-windows-x86_64 | 2023.04.12 | 20.00 | 114.00 | 134.00 | OK | |
r-oldrel-macos-arm64 | 2023.04.12 | 51.00 | OK | |||
r-oldrel-macos-x86_64 | 2023.04.12 | 97.00 | OK | |||
r-oldrel-windows-x86_64 | 2023.04.12 | 26.00 | 137.00 | 163.00 | OK |
Version: 2023.04.12
Check: Rd cross-references
Result: NOTE
Found the following Rd file(s) with Rd \link{} targets missing package
anchors:
calPlot.Rd: SmartControl, dpik
coxboost.Rd: Hist
plot.pec.Rd: prodlim
plotPredictEventProb.Rd: SmartControl, prodlim
plotPredictSurvProb.Rd: SmartControl, prodlim
predictRestrictedMeanTime.Rd: survfit
predictSurvProb.Rd: survfit
selectCox.Rd: fastbw
Please provide package anchors for all Rd \link{} targets not in the
package itself and the base packages.
Flavor: r-devel-windows-x86_64