Last updated on 2025-02-06 19:49:31 CET.
Flavor | Version | Tinstall | Tcheck | Ttotal | Status | Flags |
---|---|---|---|---|---|---|
r-devel-linux-x86_64-debian-clang | 0.5.0 | 5.91 | 50.84 | 56.75 | OK | |
r-devel-linux-x86_64-debian-gcc | 0.5.0 | 4.23 | 37.12 | 41.35 | OK | |
r-devel-linux-x86_64-fedora-clang | 0.5.0 | 88.53 | NOTE | |||
r-devel-linux-x86_64-fedora-gcc | 0.5.0 | 82.69 | NOTE | |||
r-devel-windows-x86_64 | 0.5.0 | 8.00 | 69.00 | 77.00 | OK | |
r-patched-linux-x86_64 | 0.5.0 | 6.16 | 45.94 | 52.10 | OK | |
r-release-linux-x86_64 | 0.5.0 | 5.16 | 46.21 | 51.37 | OK | |
r-release-macos-arm64 | 0.5.0 | 30.00 | OK | |||
r-release-macos-x86_64 | 0.5.0 | 45.00 | OK | |||
r-release-windows-x86_64 | 0.5.0 | 8.00 | 68.00 | 76.00 | OK | |
r-oldrel-macos-arm64 | 0.5.0 | 32.00 | OK | |||
r-oldrel-macos-x86_64 | 0.5.0 | 46.00 | OK | |||
r-oldrel-windows-x86_64 | 0.5.0 | 9.00 | 80.00 | 89.00 | OK |
Version: 0.5.0
Check: dependencies in R code
Result: NOTE
Namespace in Imports field not imported from: ‘rms’
All declared Imports should be used.
Flavors: r-devel-linux-x86_64-fedora-clang, r-devel-linux-x86_64-fedora-gcc