Last updated on 2024-07-17 20:57:07 CEST.
Flavor | Version | Tinstall | Tcheck | Ttotal | Status | Flags |
---|---|---|---|---|---|---|
r-devel-linux-x86_64-debian-clang | 1.0.1 | 3.06 | 60.75 | 63.81 | OK | |
r-devel-linux-x86_64-debian-gcc | 1.0.1 | 2.25 | 44.67 | 46.92 | OK | |
r-devel-linux-x86_64-fedora-clang | 1.0.1 | 75.74 | OK | |||
r-devel-linux-x86_64-fedora-gcc | 1.0.1 | 86.40 | OK | |||
r-devel-windows-x86_64 | 1.0.1 | 7.00 | 73.00 | 80.00 | NOTE | |
r-patched-linux-x86_64 | 1.0.1 | 4.43 | 57.30 | 61.73 | OK | |
r-release-linux-x86_64 | 1.0.1 | 2.43 | 59.29 | 61.72 | OK | |
r-release-macos-arm64 | 1.0.1 | 29.00 | OK | |||
r-release-macos-x86_64 | 1.0.1 | 43.00 | OK | |||
r-release-windows-x86_64 | 1.0.1 | 5.00 | 74.00 | 79.00 | OK | |
r-oldrel-macos-arm64 | 1.0.1 | 38.00 | OK | |||
r-oldrel-macos-x86_64 | 1.0.1 | 58.00 | OK | |||
r-oldrel-windows-x86_64 | 1.0.1 | 5.00 | 79.00 | 84.00 | OK |
Version: 1.0.1
Check: Rd cross-references
Result: NOTE
Found the following Rd file(s) with Rd \link{} targets missing package
anchors:
fitModel.Rd: nsga2
Please provide package anchors for all Rd \link{} targets not in the
package itself and the base packages.
Flavor: r-devel-windows-x86_64