Last updated on 2024-03-27 19:56:59 CET.
Flavor | Version | Tinstall | Tcheck | Ttotal | Status | Flags |
---|---|---|---|---|---|---|
r-devel-linux-x86_64-debian-clang | 3.4.0 | 25.44 | 35.41 | 60.85 | OK | |
r-devel-linux-x86_64-debian-gcc | 3.4.0 | 22.05 | 28.42 | 50.47 | OK | |
r-devel-linux-x86_64-fedora-clang | 3.4.0 | 96.35 | NOTE | |||
r-devel-linux-x86_64-fedora-gcc | 3.4.0 | 92.11 | OK | |||
r-devel-windows-x86_64 | 3.4.0 | 35.00 | 116.00 | 151.00 | NOTE | |
r-patched-linux-x86_64 | 3.4.0 | 25.90 | 34.80 | 60.70 | OK | |
r-release-linux-x86_64 | 3.4.0 | 31.49 | 35.59 | 67.08 | OK | |
r-release-macos-arm64 | 3.4.0 | 126.00 | NOTE | |||
r-release-macos-x86_64 | 3.4.0 | 130.00 | NOTE | |||
r-release-windows-x86_64 | 3.4.0 | 42.00 | 128.00 | 170.00 | NOTE | |
r-oldrel-macos-arm64 | 3.4.0 | 34.00 | NOTE | |||
r-oldrel-windows-x86_64 | 3.4.0 | 44.00 | 114.00 | 158.00 | NOTE |
Version: 3.4.0
Check: package dependencies
Result: NOTE
Package suggested but not available for checking: ‘tesseract’
Flavor: r-devel-linux-x86_64-fedora-clang
Version: 3.4.0
Check: installed package size
Result: NOTE
installed size is 20.3Mb
sub-directories of 1Mb or more:
libs 7.4Mb
share 12.8Mb
Flavors: r-devel-windows-x86_64, r-release-macos-arm64, r-release-macos-x86_64, r-release-windows-x86_64, r-oldrel-macos-arm64, r-oldrel-windows-x86_64