CRAN Package Check Results for Package pdR

Last updated on 2022-09-27 21:53:56 CEST.

Flavor Version Tinstall Tcheck Ttotal Status Flags
r-devel-linux-x86_64-debian-clang 1.8 9.73 117.51 127.24 OK
r-devel-linux-x86_64-debian-gcc 1.8 7.17 86.49 93.66 OK
r-devel-linux-x86_64-fedora-clang 1.8 168.84 NOTE
r-devel-linux-x86_64-fedora-gcc 1.8 159.07 NOTE
r-devel-windows-x86_64 1.8 28.00 134.00 162.00 OK
r-patched-linux-x86_64 1.8 12.46 116.63 129.09 OK
r-release-linux-x86_64 1.8 11.11 116.62 127.73 OK
r-release-macos-arm64 1.8 61.00 NOTE
r-release-macos-x86_64 1.8 81.00 NOTE
r-release-windows-x86_64 1.8 23.00 148.00 171.00 OK
r-oldrel-macos-arm64 1.8 60.00 NOTE
r-oldrel-macos-x86_64 1.8 81.00 NOTE
r-oldrel-windows-ix86+x86_64 1.8 31.00 130.00 161.00 OK

Check Details

Version: 1.8
Check: dependencies in R code
Result: NOTE
    Namespaces in Imports field not imported from:
     ‘car’ ‘sandwich’
     All declared Imports should be used.
Flavors: r-devel-linux-x86_64-fedora-clang, r-devel-linux-x86_64-fedora-gcc, r-release-macos-arm64, r-release-macos-x86_64, r-oldrel-macos-arm64, r-oldrel-macos-x86_64