CRAN Package Check Results for Package pcv

Last updated on 2025-11-02 23:49:46 CET.

Flavor Version Tinstall Tcheck Ttotal Status Flags
r-devel-linux-x86_64-debian-clang 1.1.0 2.23 26.53 28.76 NOTE
r-devel-linux-x86_64-debian-gcc 1.1.0 1.64 21.65 23.29 NOTE
r-devel-linux-x86_64-fedora-clang 1.1.0 40.10 NOTE
r-devel-linux-x86_64-fedora-gcc 1.1.0 36.41 NOTE
r-devel-windows-x86_64 1.1.0 3.00 46.00 49.00 NOTE
r-patched-linux-x86_64 1.1.0 2.41 24.63 27.04 NOTE
r-release-linux-x86_64 1.1.0 2.15 24.66 26.81 NOTE
r-release-macos-arm64 1.1.0 1.00 18.00 19.00 NOTE
r-release-macos-x86_64 1.1.0 2.00 27.00 29.00 NOTE
r-release-windows-x86_64 1.1.0 3.00 44.00 47.00 NOTE
r-oldrel-macos-arm64 1.1.0 1.00 14.00 15.00 NOTE
r-oldrel-macos-x86_64 1.1.0 2.00 22.00 24.00 NOTE
r-oldrel-windows-x86_64 1.1.0 6.00 54.00 60.00 NOTE

Check Details

Version: 1.1.0
Check: Rd files
Result: NOTE checkRd: (-1) pcvpcr.Rd:42: Lost braces; missing escapes or markup? 42 | set {X, y} and cross-validation. | ^ checkRd: (-1) pcvpls.Rd:42: Lost braces; missing escapes or markup? 42 | set {X, y} and cross-validation. | ^ Flavors: r-devel-linux-x86_64-debian-clang, r-devel-linux-x86_64-debian-gcc, r-devel-linux-x86_64-fedora-clang, r-devel-linux-x86_64-fedora-gcc, r-devel-windows-x86_64, r-patched-linux-x86_64, r-release-linux-x86_64, r-release-macos-arm64, r-release-macos-x86_64, r-release-windows-x86_64, r-oldrel-macos-arm64, r-oldrel-macos-x86_64, r-oldrel-windows-x86_64