Last updated on 2024-03-28 19:48:39 CET.
Flavor | Version | Tinstall | Tcheck | Ttotal | Status | Flags |
---|---|---|---|---|---|---|
r-devel-linux-x86_64-debian-clang | 0.9.9 | 3.50 | 50.97 | 54.47 | OK | |
r-devel-linux-x86_64-debian-gcc | 0.9.9 | 2.84 | 39.30 | 42.14 | OK | |
r-devel-linux-x86_64-fedora-clang | 0.9.9 | 75.15 | NOTE | |||
r-devel-linux-x86_64-fedora-gcc | 0.9.9 | 84.66 | NOTE | |||
r-devel-windows-x86_64 | 0.9.9 | 7.00 | 68.00 | 75.00 | OK | |
r-patched-linux-x86_64 | 0.9.9 | 3.02 | 49.77 | 52.79 | OK | |
r-release-linux-x86_64 | 0.9.9 | 2.24 | 47.94 | 50.18 | OK | |
r-release-macos-arm64 | 0.9.9 | 42.00 | OK | |||
r-release-macos-x86_64 | 0.9.9 | 65.00 | OK | |||
r-release-windows-x86_64 | 0.9.9 | 7.00 | 70.00 | 77.00 | OK | |
r-oldrel-macos-arm64 | 0.9.9 | 36.00 | OK | |||
r-oldrel-windows-x86_64 | 0.9.9 | 7.00 | 72.00 | 79.00 | OK |
Version: 0.9.9
Check: data for non-ASCII characters
Result: NOTE
Note: found 11 marked UTF-8 strings
Flavors: r-devel-linux-x86_64-fedora-clang, r-devel-linux-x86_64-fedora-gcc