Last updated on 2024-04-25 20:48:32 CEST.
Flavor | Version | Tinstall | Tcheck | Ttotal | Status | Flags |
---|---|---|---|---|---|---|
r-devel-linux-x86_64-debian-clang | 1.0.0 | 71.07 | 31.03 | 102.10 | OK | |
r-devel-linux-x86_64-debian-gcc | 1.0.0 | 63.98 | 28.55 | 92.53 | OK | |
r-devel-linux-x86_64-fedora-clang | 1.0.0 | 129.10 | OK | |||
r-devel-linux-x86_64-fedora-gcc | 1.0.0 | 160.34 | OK | |||
r-devel-windows-x86_64 | 1.0.0 | 55.00 | 65.00 | 120.00 | OK | |
r-patched-linux-x86_64 | 1.0.0 | 71.28 | 35.96 | 107.24 | OK | |
r-release-linux-x86_64 | 1.0.0 | 73.47 | 36.30 | 109.77 | OK | |
r-release-macos-arm64 | 1.0.0 | 33.00 | NOTE | |||
r-release-windows-x86_64 | 1.0.0 | 53.00 | 66.00 | 119.00 | OK | |
r-oldrel-macos-arm64 | 1.0.0 | 42.00 | NOTE | |||
r-oldrel-macos-x86_64 | 1.0.0 | 59.00 | NOTE | |||
r-oldrel-windows-x86_64 | 1.0.0 | 65.00 | 75.00 | 140.00 | OK |
Version: 1.0.0
Check: installed package size
Result: NOTE
installed size is 27.6Mb
sub-directories of 1Mb or more:
libs 27.5Mb
Flavors: r-release-macos-arm64, r-oldrel-macos-arm64, r-oldrel-macos-x86_64