CRAN Package Check Results for Package pbdMPI

Last updated on 2022-10-03 21:53:44 CEST.

Flavor Version Tinstall Tcheck Ttotal Status Flags
r-devel-linux-x86_64-debian-clang 0.4-4 19.26 89.30 108.56 OK
r-devel-linux-x86_64-debian-gcc 0.4-4 14.59 68.69 83.28 OK
r-devel-linux-x86_64-fedora-clang 0.4-4 150.43 OK
r-devel-linux-x86_64-fedora-gcc 0.4-4 144.63 OK
r-devel-windows-x86_64 0.4-4 312.00 176.00 488.00 OK
r-patched-linux-x86_64 0.4-4 18.35 85.06 103.41 OK
r-release-linux-x86_64 0.4-4 16.66 85.09 101.75 OK
r-release-macos-arm64 0.4-4 12.00 ERROR
r-release-macos-x86_64 0.4-4 12.00 ERROR
r-release-windows-x86_64 0.4-4 112.00 157.00 269.00 OK
r-oldrel-macos-arm64 0.4-4 15.00 ERROR
r-oldrel-macos-x86_64 0.4-4 17.00 ERROR
r-oldrel-windows-ix86+x86_64 0.4-4 56.00 113.00 169.00 OK

Check Details

Version: 0.4-4
Check: whether package can be installed
Result: ERROR
    Installation failed.
Flavors: r-release-macos-arm64, r-release-macos-x86_64, r-oldrel-macos-arm64, r-oldrel-macos-x86_64