Last updated on 2024-03-28 19:48:39 CET.
Flavor | Version | Tinstall | Tcheck | Ttotal | Status | Flags |
---|---|---|---|---|---|---|
r-devel-linux-x86_64-debian-clang | 0.5.0 | 155.74 | 386.60 | 542.34 | OK | |
r-devel-linux-x86_64-debian-gcc | 0.5.0 | 137.34 | 280.42 | 417.76 | OK | |
r-devel-linux-x86_64-fedora-clang | 0.5.0 | 649.65 | NOTE | |||
r-devel-linux-x86_64-fedora-gcc | 0.5.0 | 632.11 | OK | |||
r-devel-windows-x86_64 | 0.5.0 | 123.00 | 475.00 | 598.00 | NOTE | |
r-patched-linux-x86_64 | 0.5.0 | 192.25 | 377.26 | 569.51 | OK | |
r-release-linux-x86_64 | 0.5.0 | 165.62 | 365.41 | 531.03 | OK | |
r-release-macos-arm64 | 0.5.0 | 147.00 | NOTE | |||
r-release-macos-x86_64 | 0.5.0 | 289.00 | NOTE | |||
r-release-windows-x86_64 | 0.5.0 | 167.00 | 536.00 | 703.00 | NOTE | |
r-oldrel-macos-arm64 | 0.5.0 | 120.00 | NOTE | |||
r-oldrel-windows-x86_64 | 0.5.0 | 170.00 | 208.00 | 378.00 | NOTE |
Version: 0.5.0
Check: installed package size
Result: NOTE
installed size is 6.4Mb
sub-directories of 1Mb or more:
R 2.8Mb
help 3.4Mb
Flavors: r-devel-linux-x86_64-fedora-clang, r-devel-windows-x86_64, r-release-macos-arm64, r-release-macos-x86_64, r-release-windows-x86_64, r-oldrel-macos-arm64, r-oldrel-windows-x86_64