Last updated on 2024-03-28 19:48:39 CET.
Flavor | Version | Tinstall | Tcheck | Ttotal | Status | Flags |
---|---|---|---|---|---|---|
r-devel-linux-x86_64-debian-clang | 0.5.0 | 120.48 | 385.94 | 506.42 | OK | |
r-devel-linux-x86_64-debian-gcc | 0.5.0 | 100.28 | 283.40 | 383.68 | OK | |
r-devel-linux-x86_64-fedora-clang | 0.5.0 | 618.26 | NOTE | |||
r-devel-linux-x86_64-fedora-gcc | 0.5.0 | 595.41 | OK | |||
r-devel-windows-x86_64 | 0.5.0 | 107.00 | 483.00 | 590.00 | NOTE | |
r-patched-linux-x86_64 | 0.5.0 | 144.59 | 375.64 | 520.23 | OK | |
r-release-linux-x86_64 | 0.5.0 | 111.11 | 371.08 | 482.19 | OK | |
r-release-macos-arm64 | 0.5.0 | 141.00 | NOTE | |||
r-release-macos-x86_64 | 0.5.0 | 273.00 | NOTE | |||
r-release-windows-x86_64 | 0.5.0 | 142.00 | 544.00 | 686.00 | NOTE | |
r-oldrel-macos-arm64 | 0.5.0 | 112.00 | NOTE | |||
r-oldrel-windows-x86_64 | 0.5.0 | 141.00 | 206.00 | 347.00 | NOTE |
Version: 0.5.0
Check: installed package size
Result: NOTE
installed size is 6.2Mb
sub-directories of 1Mb or more:
R 2.5Mb
help 3.5Mb
Flavors: r-devel-linux-x86_64-fedora-clang, r-devel-windows-x86_64, r-release-macos-arm64, r-release-macos-x86_64, r-release-windows-x86_64, r-oldrel-macos-arm64, r-oldrel-windows-x86_64