Last updated on 2024-04-18 21:56:59 CEST.
Flavor | Version | Tinstall | Tcheck | Ttotal | Status | Flags |
---|---|---|---|---|---|---|
r-devel-linux-x86_64-debian-clang | 0.5.0 | 156.02 | 315.62 | 471.64 | OK | |
r-devel-linux-x86_64-debian-gcc | 0.5.0 | 127.86 | 223.46 | 351.32 | OK | |
r-devel-linux-x86_64-fedora-clang | 0.5.0 | 590.24 | NOTE | |||
r-devel-linux-x86_64-fedora-gcc | 0.5.0 | 573.01 | OK | |||
r-prerel-macos-arm64 | 0.5.0 | 137.00 | NOTE | |||
r-prerel-windows-x86_64 | 0.5.0 | 126.00 | 376.00 | 502.00 | NOTE | |
r-patched-linux-x86_64 | 0.5.0 | 173.83 | 293.63 | 467.46 | OK | |
r-release-linux-x86_64 | 0.5.0 | 144.60 | 297.15 | 441.75 | OK | |
r-release-macos-arm64 | 0.5.0 | 132.00 | NOTE | |||
r-release-macos-x86_64 | 0.5.0 | 257.00 | NOTE | |||
r-release-windows-x86_64 | 0.5.0 | 168.00 | 425.00 | 593.00 | NOTE | |
r-oldrel-macos-arm64 | 0.5.0 | 105.00 | NOTE | |||
r-oldrel-windows-x86_64 | 0.5.0 | 168.00 | 195.00 | 363.00 | NOTE |
Version: 0.5.0
Check: installed package size
Result: NOTE
installed size is 5.3Mb
sub-directories of 1Mb or more:
R 2.5Mb
help 2.6Mb
Flavors: r-devel-linux-x86_64-fedora-clang, r-prerel-macos-arm64, r-prerel-windows-x86_64, r-release-macos-arm64, r-release-macos-x86_64, r-release-windows-x86_64, r-oldrel-macos-arm64, r-oldrel-windows-x86_64