Last updated on 2024-04-25 20:48:32 CEST.
Flavor | Version | Tinstall | Tcheck | Ttotal | Status | Flags |
---|---|---|---|---|---|---|
r-devel-linux-x86_64-debian-clang | 0.5.0 | 104.05 | 262.24 | 366.29 | OK | |
r-devel-linux-x86_64-debian-gcc | 0.5.0 | 87.03 | 189.90 | 276.93 | OK | |
r-devel-linux-x86_64-fedora-clang | 0.5.0 | 453.40 | OK | |||
r-devel-linux-x86_64-fedora-gcc | 0.5.0 | 446.40 | OK | |||
r-devel-windows-x86_64 | 0.5.0 | 87.00 | 310.00 | 397.00 | OK | |
r-patched-linux-x86_64 | 0.5.0 | 120.32 | 253.74 | 374.06 | OK | |
r-release-linux-x86_64 | 0.5.0 | 90.60 | 244.27 | 334.87 | OK | |
r-release-macos-arm64 | 0.5.0 | 107.00 | OK | |||
r-release-windows-x86_64 | 0.5.0 | 86.00 | 306.00 | 392.00 | OK | |
r-oldrel-macos-arm64 | 0.5.0 | 108.00 | NOTE | |||
r-oldrel-macos-x86_64 | 0.5.0 | 189.00 | OK | |||
r-oldrel-windows-x86_64 | 0.5.0 | 113.00 | 350.00 | 463.00 | OK |
Version: 0.5.0
Check: installed package size
Result: NOTE
installed size is 5.1Mb
sub-directories of 1Mb or more:
R 2.1Mb
help 2.9Mb
Flavor: r-oldrel-macos-arm64