Last updated on 2023-02-03 20:51:31 CET.
Flavor | Version | Tinstall | Tcheck | Ttotal | Status | Flags |
---|---|---|---|---|---|---|
r-devel-linux-x86_64-debian-clang | 0.1.13 | 87.60 | 269.07 | 356.67 | OK | |
r-devel-linux-x86_64-debian-gcc | 0.1.13 | 66.32 | 204.43 | 270.75 | OK | |
r-devel-linux-x86_64-fedora-clang | 0.1.13 | 347.46 | OK | |||
r-devel-linux-x86_64-fedora-gcc | 0.1.13 | 291.58 | OK | |||
r-patched-linux-x86_64 | 0.1.13 | 92.98 | 152.96 | 245.94 | OK | |
r-release-linux-x86_64 | 0.1.13 | 85.51 | 152.45 | 237.96 | OK | |
r-release-macos-arm64 | 0.1.13 | 72.00 | NOTE | |||
r-release-macos-x86_64 | 0.1.13 | 102.00 | OK | |||
r-release-windows-x86_64 | 0.1.13 | 642.00 | 247.00 | 889.00 | OK | |
r-oldrel-macos-arm64 | 0.1.13 | 71.00 | NOTE | |||
r-oldrel-macos-x86_64 | 0.1.13 | 107.00 | OK | |||
r-oldrel-windows-ix86+x86_64 | 0.1.13 | 131.00 | 204.00 | 335.00 | OK |
Version: 0.1.13
Check: installed package size
Result: NOTE
installed size is 5.5Mb
sub-directories of 1Mb or more:
R 2.0Mb
help 3.4Mb
Flavors: r-release-macos-arm64, r-oldrel-macos-arm64