Last updated on 2024-04-23 20:52:13 CEST.
Flavor | Version | Tinstall | Tcheck | Ttotal | Status | Flags |
---|---|---|---|---|---|---|
r-devel-linux-x86_64-debian-clang | 0.0.5 | 54.85 | 458.62 | 513.47 | NOTE | |
r-devel-linux-x86_64-debian-gcc | 0.0.5 | 44.27 | 324.39 | 368.66 | NOTE | |
r-devel-linux-x86_64-fedora-clang | 0.0.5 | 621.31 | NOTE | |||
r-devel-linux-x86_64-fedora-gcc | 0.0.5 | 591.96 | NOTE | |||
r-prerel-macos-arm64 | 0.0.5 | 116.00 | NOTE | |||
r-prerel-windows-x86_64 | 0.0.5 | 43.00 | 288.00 | 331.00 | NOTE | |
r-patched-linux-x86_64 | 0.0.5 | 47.80 | 434.97 | 482.77 | NOTE | |
r-release-linux-x86_64 | 0.0.5 | 35.99 | 437.89 | 473.88 | OK | |
r-release-macos-arm64 | 0.0.5 | 140.00 | OK | |||
r-release-macos-x86_64 | 0.0.5 | 314.00 | OK | |||
r-release-windows-x86_64 | 0.0.5 | 60.00 | 369.00 | 429.00 | OK | |
r-oldrel-macos-arm64 | 0.0.5 | 127.00 | OK | |||
r-oldrel-windows-x86_64 | 0.0.5 | 63.00 | 366.00 | 429.00 | OK |
Version: 0.0.5
Check: Rd files
Result: NOTE
checkRd: (-1) plotHeat.Rd:113: Lost braces
113 | code{\link[patternize]{patPCA}}, as 'one' when visualizing single image or as 'multi' for multi
| ^
Flavors: r-devel-linux-x86_64-debian-clang, r-devel-linux-x86_64-debian-gcc, r-devel-linux-x86_64-fedora-clang, r-devel-linux-x86_64-fedora-gcc, r-prerel-macos-arm64, r-prerel-windows-x86_64, r-patched-linux-x86_64