Last updated on 2025-06-30 21:49:29 CEST.
Flavor | Version | Tinstall | Tcheck | Ttotal | Status | Flags |
---|---|---|---|---|---|---|
r-devel-linux-x86_64-debian-clang | 2.0.9 | 7.94 | 241.00 | 248.94 | OK | |
r-devel-linux-x86_64-debian-gcc | 2.0.9 | 6.52 | 168.46 | 174.98 | OK | |
r-devel-linux-x86_64-fedora-clang | 2.0.9 | 339.08 | OK | |||
r-devel-linux-x86_64-fedora-gcc | 2.0.9 | 342.62 | OK | |||
r-devel-windows-x86_64 | 2.0.9 | 12.00 | 210.00 | 222.00 | OK | |
r-patched-linux-x86_64 | OK | |||||
r-release-linux-x86_64 | 2.0.9 | 7.04 | 229.79 | 236.83 | OK | |
r-release-macos-arm64 | 2.0.9 | 114.00 | OK | |||
r-release-macos-x86_64 | 2.0.9 | 265.00 | OK | |||
r-release-windows-x86_64 | 2.0.9 | 13.00 | 206.00 | 219.00 | OK | |
r-oldrel-macos-arm64 | 2.0.9 | 93.00 | NOTE | |||
r-oldrel-macos-x86_64 | 2.0.9 | 228.00 | NOTE | |||
r-oldrel-windows-x86_64 | 2.0.9 | 14.00 | 253.00 | 267.00 | NOTE |
Version: 2.0.9
Check: installed package size
Result: NOTE
installed size is 5.6Mb
sub-directories of 1Mb or more:
doc 5.2Mb
Flavors: r-oldrel-macos-arm64, r-oldrel-macos-x86_64, r-oldrel-windows-x86_64