Last updated on 2024-03-28 19:48:39 CET.
Flavor | Version | Tinstall | Tcheck | Ttotal | Status | Flags |
---|---|---|---|---|---|---|
r-devel-linux-x86_64-debian-clang | 0.1.0 | 5.48 | 48.62 | 54.10 | OK | |
r-devel-linux-x86_64-debian-gcc | 0.1.0 | 4.21 | 36.01 | 40.22 | OK | |
r-devel-linux-x86_64-fedora-clang | 0.1.0 | 64.50 | NOTE | |||
r-devel-linux-x86_64-fedora-gcc | 0.1.0 | 63.37 | NOTE | |||
r-devel-windows-x86_64 | 0.1.0 | 5.00 | 52.00 | 57.00 | OK | |
r-patched-linux-x86_64 | 0.1.0 | 3.91 | 46.60 | 50.51 | OK | |
r-release-linux-x86_64 | 0.1.0 | 3.25 | 46.49 | 49.74 | OK | |
r-release-macos-arm64 | 0.1.0 | 24.00 | OK | |||
r-release-macos-x86_64 | 0.1.0 | 37.00 | OK | |||
r-release-windows-x86_64 | 0.1.0 | 7.00 | 57.00 | 64.00 | OK | |
r-oldrel-macos-arm64 | 0.1.0 | 23.00 | NOTE | |||
r-oldrel-windows-x86_64 | 0.1.0 | 7.00 | 63.00 | 70.00 | OK |
Version: 0.1.0
Check: dependencies in R code
Result: NOTE
Namespaces in Imports field not imported from:
‘testthat’ ‘usethis’ ‘utils’
All declared Imports should be used.
Flavors: r-devel-linux-x86_64-fedora-clang, r-devel-linux-x86_64-fedora-gcc, r-oldrel-macos-arm64