Last updated on 2025-02-20 19:51:40 CET.
Flavor | Version | Tinstall | Tcheck | Ttotal | Status | Flags |
---|---|---|---|---|---|---|
r-devel-linux-x86_64-debian-clang | 1.1.6 | 10.45 | 98.81 | 109.26 | NOTE | |
r-devel-linux-x86_64-debian-gcc | 1.1.6 | 8.90 | 72.64 | 81.54 | NOTE | |
r-devel-linux-x86_64-fedora-clang | 1.1.6 | 168.90 | NOTE | |||
r-devel-linux-x86_64-fedora-gcc | 1.1.6 | 189.07 | NOTE | |||
r-devel-macos-arm64 | 1.1.6 | 66.00 | OK | |||
r-devel-macos-x86_64 | 1.1.6 | 123.00 | OK | |||
r-devel-windows-x86_64 | 1.1.6 | 11.00 | 124.00 | 135.00 | OK | |
r-patched-linux-x86_64 | 1.1.6 | 10.67 | 90.80 | 101.47 | NOTE | |
r-release-linux-x86_64 | 1.1.6 | 8.71 | 91.76 | 100.47 | NOTE | |
r-release-macos-arm64 | 1.1.6 | 63.00 | OK | |||
r-release-macos-x86_64 | 1.1.6 | 89.00 | OK | |||
r-release-windows-x86_64 | 1.1.6 | 13.00 | 122.00 | 135.00 | OK | |
r-oldrel-macos-arm64 | 1.1.6 | 69.00 | OK | |||
r-oldrel-macos-x86_64 | 1.1.6 | 108.00 | OK | |||
r-oldrel-windows-x86_64 | 1.1.6 | 16.00 | 150.00 | 166.00 | OK |
Version: 1.1.6
Check: for non-standard things in the check directory
Result: NOTE
Found the following files/directories:
‘co2’ ‘co2.1’ ‘co2.2’ ‘co2s.1’ ‘co2s.2’ ‘ctm.1’ ‘ctm.2’ ‘m’ ‘m.1’
‘m.2’ ‘test’ ‘test.1’ ‘test.2’ ‘testa.1’ ‘testa.2’ ‘xfile.1’
‘xfile.2’
Flavors: r-devel-linux-x86_64-debian-clang, r-devel-linux-x86_64-debian-gcc, r-devel-linux-x86_64-fedora-clang, r-devel-linux-x86_64-fedora-gcc, r-patched-linux-x86_64, r-release-linux-x86_64