Last updated on 2024-04-23 20:52:13 CEST.
Flavor | Version | Tinstall | Tcheck | Ttotal | Status | Flags |
---|---|---|---|---|---|---|
r-devel-linux-x86_64-debian-clang | 0.9.2 | 5.63 | 207.36 | 212.99 | OK | |
r-devel-linux-x86_64-debian-gcc | 0.9.2 | 4.11 | 152.69 | 156.80 | OK | |
r-devel-linux-x86_64-fedora-clang | 0.9.2 | 253.66 | NOTE | |||
r-devel-linux-x86_64-fedora-gcc | 0.9.2 | 258.15 | NOTE | |||
r-prerel-macos-arm64 | 0.9.2 | 77.00 | OK | |||
r-prerel-macos-x86_64 | 0.9.2 | 224.00 | OK | |||
r-prerel-windows-x86_64 | 0.9.2 | 5.00 | 177.00 | 182.00 | OK | |
r-patched-linux-x86_64 | 0.9.2 | 4.55 | 195.04 | 199.59 | OK | |
r-release-linux-x86_64 | 0.9.2 | 3.73 | 194.17 | 197.90 | OK | |
r-release-macos-arm64 | 0.9.2 | 80.00 | OK | |||
r-release-macos-x86_64 | 0.9.2 | 195.00 | OK | |||
r-release-windows-x86_64 | 0.9.2 | 7.00 | 207.00 | 214.00 | OK | |
r-oldrel-macos-arm64 | 0.9.2 | 77.00 | OK | |||
r-oldrel-windows-x86_64 | 0.9.2 | 7.00 | 193.00 | 200.00 | OK |
Version: 0.9.2
Check: dependencies in R code
Result: NOTE
Namespace in Imports field not imported from: ‘methods’
All declared Imports should be used.
Flavors: r-devel-linux-x86_64-fedora-clang, r-devel-linux-x86_64-fedora-gcc