Last updated on 2024-03-27 19:56:59 CET.
Flavor | Version | Tinstall | Tcheck | Ttotal | Status | Flags |
---|---|---|---|---|---|---|
r-devel-linux-x86_64-debian-clang | 1.2.7 | 12.99 | 112.50 | 125.49 | NOTE | |
r-devel-linux-x86_64-debian-gcc | 1.2.7 | 9.89 | 86.36 | 96.25 | NOTE | |
r-devel-linux-x86_64-fedora-clang | 1.2.7 | 152.97 | NOTE | |||
r-devel-linux-x86_64-fedora-gcc | 1.2.7 | 154.13 | NOTE | |||
r-devel-windows-x86_64 | 1.2.7 | 13.00 | 112.00 | 125.00 | NOTE | |
r-patched-linux-x86_64 | 1.2.7 | 19.20 | 112.02 | 131.22 | OK | |
r-release-linux-x86_64 | 1.2.7 | 9.82 | 112.66 | 122.48 | OK | |
r-release-macos-arm64 | 1.2.7 | 57.00 | OK | |||
r-release-macos-x86_64 | 1.2.7 | 93.00 | OK | |||
r-release-windows-x86_64 | 1.2.7 | 17.00 | 132.00 | 149.00 | OK | |
r-oldrel-macos-arm64 | 1.2.7 | 51.00 | OK | |||
r-oldrel-windows-x86_64 | 1.2.7 | 16.00 | 139.00 | 155.00 | OK |
Version: 1.2.7
Check: Rd files
Result: NOTE
checkRd: (-1) summary.parsec.Rd:13-14: Lost braces in \itemize; meant \describe ?
Flavors: r-devel-linux-x86_64-debian-clang, r-devel-linux-x86_64-debian-gcc, r-devel-linux-x86_64-fedora-clang, r-devel-linux-x86_64-fedora-gcc, r-devel-windows-x86_64