Last updated on 2024-03-28 19:48:39 CET.
Flavor | Version | Tinstall | Tcheck | Ttotal | Status | Flags |
---|---|---|---|---|---|---|
r-devel-linux-x86_64-debian-clang | 0.1.0 | 12.01 | 109.72 | 121.73 | OK | |
r-devel-linux-x86_64-debian-gcc | 0.1.0 | 8.90 | 81.58 | 90.48 | OK | |
r-devel-linux-x86_64-fedora-clang | 0.1.0 | 147.09 | NOTE | |||
r-devel-linux-x86_64-fedora-gcc | 0.1.0 | 158.00 | NOTE | |||
r-devel-windows-x86_64 | 0.1.0 | 10.00 | 92.00 | 102.00 | OK | |
r-patched-linux-x86_64 | 0.1.0 | 7.81 | 104.90 | 112.71 | OK | |
r-release-linux-x86_64 | 0.1.0 | 7.05 | 107.35 | 114.40 | OK | |
r-release-macos-arm64 | 0.1.0 | 43.00 | OK | |||
r-release-macos-x86_64 | 0.1.0 | 84.00 | OK | |||
r-release-windows-x86_64 | 0.1.0 | 13.00 | 113.00 | 126.00 | OK | |
r-oldrel-macos-arm64 | 0.1.0 | 34.00 | NOTE | |||
r-oldrel-windows-x86_64 | 0.1.0 | 15.00 | 117.00 | 132.00 | OK |
Version: 0.1.0
Check: dependencies in R code
Result: NOTE
Namespace in Imports field not imported from: ‘flexsurv’
All declared Imports should be used.
Flavors: r-devel-linux-x86_64-fedora-clang, r-devel-linux-x86_64-fedora-gcc, r-oldrel-macos-arm64