Last updated on 2025-11-21 19:51:32 CET.
| Flavor | Version | Tinstall | Tcheck | Ttotal | Status | Flags |
|---|---|---|---|---|---|---|
| r-devel-linux-x86_64-debian-clang | 1.7 | 16.62 | 69.36 | 85.98 | NOTE | |
| r-devel-linux-x86_64-debian-gcc | 1.7 | 11.30 | 47.98 | 59.28 | NOTE | |
| r-devel-linux-x86_64-fedora-clang | 1.7 | 40.00 | 100.90 | 140.90 | OK | |
| r-devel-linux-x86_64-fedora-gcc | 1.7 | 42.00 | 104.96 | 146.96 | OK | |
| r-devel-windows-x86_64 | 1.7 | 20.00 | 84.00 | 104.00 | OK | |
| r-patched-linux-x86_64 | 1.7 | 17.46 | 64.94 | 82.40 | OK | |
| r-release-linux-x86_64 | 1.7 | 16.59 | 65.92 | 82.51 | OK | |
| r-release-macos-arm64 | 1.7 | OK | ||||
| r-release-macos-x86_64 | 1.7 | 16.00 | 83.00 | 99.00 | OK | |
| r-release-windows-x86_64 | 1.7 | 18.00 | 82.00 | 100.00 | OK | |
| r-oldrel-macos-arm64 | 1.7 | OK | ||||
| r-oldrel-macos-x86_64 | 1.7 | 13.00 | 52.00 | 65.00 | OK | |
| r-oldrel-windows-x86_64 | 1.7 | 17.00 | 99.00 | 116.00 | OK |
Version: 1.7
Check: CRAN incoming feasibility
Result: NOTE
Maintainer: ‘Alexios Galanos <alexios@4dscape.com>’
Package CITATION file contains call(s) to old-style personList() or
as.personList(). Please use c() on person objects instead.
Package CITATION file contains call(s) to old-style citEntry(). Please
use bibentry() instead.
Flavors: r-devel-linux-x86_64-debian-clang, r-devel-linux-x86_64-debian-gcc