Last updated on 2023-01-27 20:49:18 CET.
Flavor | Version | Tinstall | Tcheck | Ttotal | Status | Flags |
---|---|---|---|---|---|---|
r-devel-linux-x86_64-debian-clang | 0.4.1 | 10.96 | 94.72 | 105.68 | OK | |
r-devel-linux-x86_64-debian-gcc | 0.4.1 | 8.96 | 69.91 | 78.87 | OK | |
r-devel-linux-x86_64-fedora-clang | 0.4.1 | 128.55 | NOTE | |||
r-devel-linux-x86_64-fedora-gcc | 0.4.1 | 137.66 | NOTE | |||
r-patched-linux-x86_64 | 0.4.1 | 10.22 | 92.02 | 102.24 | OK | |
r-release-linux-x86_64 | 0.4.1 | 9.82 | 88.95 | 98.77 | OK | |
r-release-macos-arm64 | 0.4.1 | 28.00 | NOTE | |||
r-release-macos-x86_64 | 0.4.1 | 71.00 | NOTE | |||
r-release-windows-x86_64 | 0.4.1 | 19.00 | 124.00 | 143.00 | OK | |
r-oldrel-macos-arm64 | 0.4.1 | 55.00 | NOTE | |||
r-oldrel-macos-x86_64 | 0.4.1 | 61.00 | NOTE | |||
r-oldrel-windows-ix86+x86_64 | 0.4.1 | 24.00 | 131.00 | 155.00 | OK |
Version: 0.4.1
Check: data for non-ASCII characters
Result: NOTE
Note: found 16 marked UTF-8 strings
Flavors: r-devel-linux-x86_64-fedora-clang, r-devel-linux-x86_64-fedora-gcc, r-release-macos-arm64, r-release-macos-x86_64, r-oldrel-macos-arm64, r-oldrel-macos-x86_64