Last updated on 2023-01-30 20:55:53 CET.
Flavor | Version | Tinstall | Tcheck | Ttotal | Status | Flags |
---|---|---|---|---|---|---|
r-devel-linux-x86_64-debian-clang | 0.1.7 | 94.09 | 83.19 | 177.28 | OK | |
r-devel-linux-x86_64-debian-gcc | 0.1.7 | 71.39 | 63.92 | 135.31 | NOTE | |
r-devel-linux-x86_64-fedora-clang | 0.1.7 | 247.54 | NOTE | |||
r-devel-linux-x86_64-fedora-gcc | 0.1.7 | 257.65 | NOTE | |||
r-devel-windows-x86_64 | 0.1.7 | 83.00 | 139.00 | 222.00 | NOTE | |
r-patched-linux-x86_64 | 0.1.7 | 81.79 | 82.72 | 164.51 | OK | |
r-release-linux-x86_64 | 0.1.7 | 74.67 | 81.46 | 156.13 | OK | |
r-release-macos-arm64 | 0.1.7 | 61.00 | OK | |||
r-release-macos-x86_64 | 0.1.7 | 77.00 | OK | |||
r-release-windows-x86_64 | 0.1.7 | 81.00 | 138.00 | 219.00 | OK | |
r-oldrel-macos-arm64 | 0.1.7 | 71.00 | NOTE | |||
r-oldrel-macos-x86_64 | 0.1.7 | 75.00 | OK | |||
r-oldrel-windows-ix86+x86_64 | 0.1.7 | 229.00 | 158.00 | 387.00 | OK |
Version: 0.1.7
Check: C++ specification
Result: NOTE
Specified C++11: please update to current default of C++17
Flavors: r-devel-linux-x86_64-debian-gcc, r-devel-linux-x86_64-fedora-clang, r-devel-linux-x86_64-fedora-gcc, r-devel-windows-x86_64
Version: 0.1.7
Check: installed package size
Result: NOTE
installed size is 5.5Mb
sub-directories of 1Mb or more:
libs 4.7Mb
Flavor: r-oldrel-macos-arm64