Last updated on 2024-07-17 20:57:06 CEST.
Flavor | Version | Tinstall | Tcheck | Ttotal | Status | Flags |
---|---|---|---|---|---|---|
r-devel-linux-x86_64-debian-clang | 1.1-5 | 19.55 | 132.62 | 152.17 | OK | |
r-devel-linux-x86_64-debian-gcc | 1.1-5 | 15.12 | 92.44 | 107.56 | OK | |
r-devel-linux-x86_64-fedora-clang | 1.1-5 | 182.02 | OK | |||
r-devel-linux-x86_64-fedora-gcc | 1.1-5 | 178.63 | OK | |||
r-devel-windows-x86_64 | 1.1-5 | 15.00 | 116.00 | 131.00 | NOTE | |
r-patched-linux-x86_64 | 1.1-5 | 20.89 | 121.38 | 142.27 | OK | |
r-release-linux-x86_64 | 1.1-5 | 20.87 | 122.37 | 143.24 | OK | |
r-release-macos-arm64 | 1.1-5 | 49.00 | OK | |||
r-release-macos-x86_64 | 1.1-5 | 97.00 | OK | |||
r-release-windows-x86_64 | 1.1-5 | 15.00 | 119.00 | 134.00 | OK | |
r-oldrel-macos-arm64 | 1.1-5 | 53.00 | OK | |||
r-oldrel-macos-x86_64 | 1.1-5 | 81.00 | OK | |||
r-oldrel-windows-x86_64 | 1.1-5 | 21.00 | 141.00 | 162.00 | OK |
Version: 1.1-5
Check: Rd cross-references
Result: NOTE
Found the following Rd file(s) with Rd \link{} targets missing package
anchors:
plot.linkdat.Rd: plot.pedigree
Please provide package anchors for all Rd \link{} targets not in the
package itself and the base packages.
Flavor: r-devel-windows-x86_64