Last updated on 2023-03-29 21:55:35 CEST.
Flavor | Version | Tinstall | Tcheck | Ttotal | Status | Flags |
---|---|---|---|---|---|---|
r-devel-linux-x86_64-debian-clang | 0.2.6 | 62.00 | 128.47 | 190.47 | NOTE | |
r-devel-linux-x86_64-debian-gcc | 0.2.6 | 58.16 | 90.20 | 148.36 | NOTE | |
r-devel-linux-x86_64-fedora-clang | 0.2.6 | 281.98 | NOTE | |||
r-devel-linux-x86_64-fedora-gcc | 0.2.6 | 255.74 | NOTE | |||
r-devel-windows-x86_64 | 0.2.6 | 73.00 | 0.00 | 73.00 | NOTE | |
r-patched-linux-x86_64 | 0.2.6 | 59.51 | 114.83 | 174.34 | NOTE | |
r-release-linux-x86_64 | 0.2.6 | 61.65 | 115.27 | 176.92 | OK | |
r-release-macos-arm64 | 0.2.6 | 64.00 | OK | |||
r-release-macos-x86_64 | 0.2.6 | 84.00 | OK | |||
r-release-windows-x86_64 | 0.2.6 | 147.00 | 191.00 | 338.00 | OK | |
r-oldrel-macos-arm64 | 0.2.6 | 64.00 | NOTE | |||
r-oldrel-macos-x86_64 | 0.2.6 | 104.00 | OK | |||
r-oldrel-windows-ix86+x86_64 | 0.2.6 | 181.00 | 279.00 | 460.00 | OK |
Version: 0.2.6
Check: C++ specification
Result: NOTE
Specified C++11: please drop specification unless essential
Flavors: r-devel-linux-x86_64-debian-clang, r-devel-linux-x86_64-debian-gcc, r-devel-linux-x86_64-fedora-clang, r-devel-linux-x86_64-fedora-gcc, r-devel-windows-x86_64, r-patched-linux-x86_64
Version: 0.2.6
Check: installed package size
Result: NOTE
installed size is 5.4Mb
sub-directories of 1Mb or more:
libs 5.1Mb
Flavor: r-oldrel-macos-arm64