Last updated on 2025-11-22 19:50:38 CET.
| Flavor | Version | Tinstall | Tcheck | Ttotal | Status | Flags |
|---|---|---|---|---|---|---|
| r-devel-linux-x86_64-debian-clang | 0.1.2.1 | 3.68 | 72.76 | 76.44 | NOTE | |
| r-devel-linux-x86_64-debian-gcc | 0.1.2.1 | 2.65 | 53.99 | 56.64 | NOTE | |
| r-devel-linux-x86_64-fedora-clang | 0.1.2.1 | 10.00 | 104.41 | 114.41 | NOTE | |
| r-devel-linux-x86_64-fedora-gcc | 0.1.2.1 | 149.09 | NOTE | |||
| r-devel-windows-x86_64 | 0.1.2.1 | 9.00 | 88.00 | 97.00 | NOTE | |
| r-patched-linux-x86_64 | 0.1.2.1 | 3.55 | 67.89 | 71.44 | NOTE | |
| r-release-linux-x86_64 | 0.1.2.1 | 3.52 | 67.14 | 70.66 | NOTE | |
| r-release-macos-arm64 | 0.1.2.1 | NOTE | ||||
| r-release-macos-x86_64 | 0.1.2.1 | 3.00 | 82.00 | 85.00 | NOTE | |
| r-release-windows-x86_64 | 0.1.2.1 | 33.00 | 99.00 | 132.00 | NOTE | |
| r-oldrel-macos-arm64 | 0.1.2.1 | NOTE | ||||
| r-oldrel-macos-x86_64 | 0.1.2.1 | 3.00 | 64.00 | 67.00 | NOTE | |
| r-oldrel-windows-x86_64 | 0.1.2.1 | 7.00 | 108.00 | 115.00 | NOTE |
Version: 0.1.2.1
Check: DESCRIPTION meta-information
Result: NOTE
Missing dependency on R >= 4.1.0 because package code uses the pipe
|> or function shorthand \(...) syntax added in R 4.1.0.
File(s) using such syntax:
‘add_panels.R’ ‘clean_raw.Rd’ ‘create_means.R’ ‘helper_functions.R’
‘panelsummary.R’ ‘panelsummary_raw.R’
Flavors: r-devel-linux-x86_64-debian-clang, r-devel-linux-x86_64-debian-gcc, r-devel-linux-x86_64-fedora-clang, r-devel-linux-x86_64-fedora-gcc, r-devel-windows-x86_64, r-patched-linux-x86_64, r-release-linux-x86_64, r-release-macos-arm64, r-release-macos-x86_64, r-release-windows-x86_64
Version: 0.1.2.1
Check: Rd files
Result: NOTE
checkRd: (-1) panelsummary.Rd:112: Lost braces; missing escapes or markup?
112 | \item `"{exp(estimate) * std.error}"
| ^
checkRd: (-1) panelsummary_raw.Rd:90: Lost braces; missing escapes or markup?
90 | \item `"{exp(estimate) * std.error}"
| ^
Flavors: r-devel-linux-x86_64-debian-clang, r-devel-linux-x86_64-debian-gcc, r-devel-linux-x86_64-fedora-clang, r-devel-linux-x86_64-fedora-gcc, r-devel-windows-x86_64, r-patched-linux-x86_64, r-release-linux-x86_64, r-release-macos-arm64, r-release-macos-x86_64, r-release-windows-x86_64, r-oldrel-macos-arm64, r-oldrel-macos-x86_64, r-oldrel-windows-x86_64