Last updated on 2025-05-09 20:49:57 CEST.
Flavor | Version | Tinstall | Tcheck | Ttotal | Status | Flags |
---|---|---|---|---|---|---|
r-devel-linux-x86_64-debian-clang | 1.2.13 | 15.93 | 141.11 | 157.04 | OK | |
r-devel-linux-x86_64-debian-gcc | 1.2.13 | 12.01 | 101.74 | 113.75 | OK | |
r-devel-linux-x86_64-fedora-clang | 1.2.13 | 219.19 | OK | |||
r-devel-linux-x86_64-fedora-gcc | 1.2.13 | 222.16 | OK | |||
r-devel-windows-x86_64 | 1.2.13 | 16.00 | 150.00 | 166.00 | OK | |
r-patched-linux-x86_64 | 1.2.13 | 14.18 | 132.41 | 146.59 | OK | |
r-release-linux-x86_64 | 1.2.13 | 14.32 | 132.99 | 147.31 | OK | |
r-release-macos-arm64 | 1.2.13 | 69.00 | OK | |||
r-release-macos-x86_64 | 1.2.13 | 128.00 | OK | |||
r-release-windows-x86_64 | 1.2.13 | 15.00 | 150.00 | 165.00 | OK | |
r-oldrel-macos-arm64 | 1.2.13 | 64.00 | NOTE | |||
r-oldrel-macos-x86_64 | 1.2.13 | 89.00 | NOTE | |||
r-oldrel-windows-x86_64 | 1.2.13 | 22.00 | 188.00 | 210.00 | NOTE |
Version: 1.2.13
Check: LazyData
Result: NOTE
'LazyData' is specified without a 'data' directory
Flavors: r-oldrel-macos-arm64, r-oldrel-macos-x86_64, r-oldrel-windows-x86_64