Last updated on 2023-09-23 23:00:53 CEST.
Flavor | Version | Tinstall | Tcheck | Ttotal | Status | Flags |
---|---|---|---|---|---|---|
r-devel-linux-x86_64-debian-clang | 1.5.0 | 6.08 | 55.54 | 61.62 | OK | |
r-devel-linux-x86_64-debian-gcc | 1.5.0 | 4.96 | 41.22 | 46.18 | OK | |
r-devel-linux-x86_64-fedora-clang | 1.5.0 | 77.26 | OK | |||
r-devel-linux-x86_64-fedora-gcc | 1.5.0 | 71.27 | OK | |||
r-devel-windows-x86_64 | 1.5.0 | 7.00 | 65.00 | 72.00 | OK | |
r-patched-linux-x86_64 | 1.5.0 | 6.53 | 52.42 | 58.95 | OK | |
r-release-linux-x86_64 | 1.5.0 | 5.88 | 52.81 | 58.69 | OK | |
r-release-macos-arm64 | 1.5.0 | 25.00 | NOTE | |||
r-release-macos-x86_64 | 1.5.0 | 41.00 | OK | |||
r-release-windows-x86_64 | 1.5.0 | 9.00 | 70.00 | 79.00 | OK | |
r-oldrel-macos-arm64 | 1.5.0 | 29.00 | OK | |||
r-oldrel-macos-x86_64 | 1.5.0 | 38.00 | OK | |||
r-oldrel-windows-x86_64 | 1.5.0 | 8.00 | 72.00 | 80.00 | OK |
Version: 1.5.0
Check: package dependencies
Result: NOTE
Package suggested but not available for checking: ‘ggplot2’
Flavor: r-release-macos-arm64