Last updated on 2025-05-09 20:49:57 CEST.
Flavor | Version | Tinstall | Tcheck | Ttotal | Status | Flags |
---|---|---|---|---|---|---|
r-devel-linux-x86_64-debian-clang | 0.1.0 | 2.00 | 17.21 | 19.21 | OK | |
r-devel-linux-x86_64-debian-gcc | 0.1.0 | 1.45 | 14.06 | 15.51 | OK | |
r-devel-linux-x86_64-fedora-clang | 0.1.0 | 30.46 | OK | |||
r-devel-linux-x86_64-fedora-gcc | 0.1.0 | 28.24 | OK | |||
r-devel-windows-x86_64 | 0.1.0 | 2.00 | 36.00 | 38.00 | OK | |
r-patched-linux-x86_64 | 0.1.0 | 1.98 | 16.65 | 18.63 | OK | |
r-release-linux-x86_64 | 0.1.0 | 1.78 | 16.71 | 18.49 | OK | |
r-release-macos-arm64 | 0.1.0 | 15.00 | OK | |||
r-release-macos-x86_64 | 0.1.0 | 22.00 | OK | |||
r-release-windows-x86_64 | 0.1.0 | 2.00 | 40.00 | 42.00 | OK | |
r-oldrel-macos-arm64 | 0.1.0 | 14.00 | NOTE | |||
r-oldrel-macos-x86_64 | 0.1.0 | 18.00 | NOTE | |||
r-oldrel-windows-x86_64 | 0.1.0 | 3.00 | 36.00 | 39.00 | NOTE |
Version: 0.1.0
Check: LazyData
Result: NOTE
'LazyData' is specified without a 'data' directory
Flavors: r-oldrel-macos-arm64, r-oldrel-macos-x86_64, r-oldrel-windows-x86_64