Last updated on 2024-04-17 20:57:43 CEST.
Flavor | Version | Tinstall | Tcheck | Ttotal | Status | Flags |
---|---|---|---|---|---|---|
r-devel-linux-x86_64-debian-clang | 0.3.17 | 31.13 | 389.23 | 420.36 | NOTE | |
r-devel-linux-x86_64-debian-gcc | 0.3.17 | 28.06 | 287.83 | 315.89 | NOTE | |
r-devel-linux-x86_64-fedora-clang | 0.3.17 | 551.44 | NOTE | |||
r-devel-linux-x86_64-fedora-gcc | 0.3.17 | 612.45 | NOTE | |||
r-prerel-macos-arm64 | 0.3.17 | 172.00 | NOTE | |||
r-prerel-macos-x86_64 | 0.3.17 | 398.00 | NOTE | |||
r-prerel-windows-x86_64 | 0.3.17 | 25.00 | 271.00 | 296.00 | NOTE | |
r-patched-linux-x86_64 | 0.3.17 | 29.40 | 372.82 | 402.22 | NOTE | |
r-release-linux-x86_64 | 0.3.17 | 21.96 | 383.32 | 405.28 | OK | |
r-release-macos-arm64 | 0.3.17 | 195.00 | OK | |||
r-release-macos-x86_64 | 0.3.17 | 276.00 | OK | |||
r-release-windows-x86_64 | 0.3.17 | 39.00 | 358.00 | 397.00 | OK | |
r-oldrel-macos-arm64 | 0.3.17 | 172.00 | OK | |||
r-oldrel-windows-x86_64 | 0.3.17 | 39.00 | 352.00 | 391.00 | OK |
Version: 0.3.17
Check: Rd files
Result: NOTE
checkRd: (-1) pagoo.Rd:107-110: Lost braces in \itemize; meant \describe ?
checkRd: (-1) pagoo.Rd:112-115: Lost braces in \itemize; meant \describe ?
checkRd: (-1) pagoo.Rd:117-119: Lost braces in \itemize; meant \describe ?
checkRd: (-1) pagoo.Rd:121-125: Lost braces in \itemize; meant \describe ?
checkRd: (-1) pagoo.Rd:127-129: Lost braces in \itemize; meant \describe ?
checkRd: (-1) pagoo.Rd:131-133: Lost braces in \itemize; meant \describe ?
checkRd: (-1) pagoo.Rd:135: Lost braces in \itemize; meant \describe ?
checkRd: (-1) pagoo.Rd:137-138: Lost braces in \itemize; meant \describe ?
checkRd: (-1) pagoo.Rd:140-141: Lost braces in \itemize; meant \describe ?
checkRd: (-1) pagoo.Rd:143-146: Lost braces in \itemize; meant \describe ?
checkRd: (-1) pagoo.Rd:148-149: Lost braces in \itemize; meant \describe ?
checkRd: (-1) pagoo.Rd:151-152: Lost braces in \itemize; meant \describe ?
checkRd: (-1) pagoo.Rd:154-157: Lost braces in \itemize; meant \describe ?
checkRd: (-1) pagoo.Rd:159-160: Lost braces in \itemize; meant \describe ?
checkRd: (-1) pagoo.Rd:162-163: Lost braces in \itemize; meant \describe ?
checkRd: (-1) pagoo.Rd:165-167: Lost braces in \itemize; meant \describe ?
checkRd: (-1) pagoo.Rd:169-170: Lost braces in \itemize; meant \describe ?
checkRd: (-1) pagoo.Rd:172-173: Lost braces in \itemize; meant \describe ?
Flavors: r-devel-linux-x86_64-debian-clang, r-devel-linux-x86_64-debian-gcc, r-devel-linux-x86_64-fedora-clang, r-devel-linux-x86_64-fedora-gcc, r-prerel-macos-arm64, r-prerel-windows-x86_64, r-patched-linux-x86_64
Version: 0.3.17
Check: package dependencies
Result: NOTE
Package suggested but not available for checking: ‘DECIPHER’
Flavor: r-prerel-macos-x86_64