Last updated on 2025-05-06 20:50:48 CEST.
Flavor | Version | Tinstall | Tcheck | Ttotal | Status | Flags |
---|---|---|---|---|---|---|
r-devel-linux-x86_64-debian-clang | 0.4.2 | 75.58 | 121.75 | 197.33 | NOTE | |
r-devel-linux-x86_64-debian-gcc | 0.4.2 | 56.63 | 85.12 | 141.75 | NOTE | |
r-devel-linux-x86_64-fedora-clang | 0.4.2 | 366.95 | OK | |||
r-devel-linux-x86_64-fedora-gcc | 0.4.2 | 378.44 | OK | |||
r-devel-windows-x86_64 | 0.4.2 | 90.00 | 176.00 | 266.00 | OK | |
r-patched-linux-x86_64 | 0.4.2 | 76.45 | 114.65 | 191.10 | OK | |
r-release-linux-x86_64 | 0.4.2 | 75.51 | 114.00 | 189.51 | OK | |
r-release-macos-arm64 | 0.4.2 | 81.00 | OK | |||
r-release-macos-x86_64 | 0.4.2 | 131.00 | OK | |||
r-release-windows-x86_64 | 0.4.2 | 91.00 | 178.00 | 269.00 | OK | |
r-oldrel-macos-arm64 | 0.4.2 | 78.00 | NOTE | |||
r-oldrel-macos-x86_64 | 0.4.2 | 109.00 | NOTE | |||
r-oldrel-windows-x86_64 | 0.4.2 | 109.00 | 208.00 | 317.00 | OK |
Version: 0.4.2
Check: CRAN incoming feasibility
Result: NOTE
Maintainer: ‘Malte S. Kurz <mkurz-software@gmx.de>’
Package CITATION file contains call(s) to old-style citEntry(). Please
use bibentry() instead.
Flavors: r-devel-linux-x86_64-debian-clang, r-devel-linux-x86_64-debian-gcc
Version: 0.4.2
Check: installed package size
Result: NOTE
installed size is 5.4Mb
sub-directories of 1Mb or more:
libs 5.2Mb
Flavors: r-oldrel-macos-arm64, r-oldrel-macos-x86_64