CRAN Package Check Results for Package pacman

Last updated on 2022-12-02 20:53:21 CET.

Flavor Version Tinstall Tcheck Ttotal Status Flags
r-devel-linux-x86_64-debian-clang 0.5.1 3.16 40.07 43.23 OK
r-devel-linux-x86_64-debian-gcc 0.5.1 2.84 30.08 32.92 OK
r-devel-linux-x86_64-fedora-clang 0.5.1 65.11 NOTE
r-devel-linux-x86_64-fedora-gcc 0.5.1 62.26 OK
r-devel-windows-x86_64 0.5.1 20.00 74.00 94.00 OK
r-patched-linux-x86_64 0.5.1 5.00 36.62 41.62 OK
r-release-linux-x86_64 0.5.1 3.58 37.77 41.35 OK
r-release-macos-arm64 0.5.1 20.00 OK
r-release-macos-x86_64 0.5.1 27.00 OK
r-release-windows-x86_64 0.5.1 76.00 80.00 156.00 OK
r-oldrel-macos-arm64 0.5.1 27.00 OK
r-oldrel-macos-x86_64 0.5.1 40.00 OK
r-oldrel-windows-ix86+x86_64 0.5.1 8.00 356.00 364.00 OK

Check Details

Version: 0.5.1
Check: Rd cross-references
Result: NOTE
    Undeclared package ‘devtools’ in Rd xrefs
Flavor: r-devel-linux-x86_64-fedora-clang