CRAN Package Check Results for Package packagefinder

Last updated on 2024-06-12 20:59:06 CEST.

Flavor Version Tinstall Tcheck Ttotal Status Flags
r-devel-linux-x86_64-debian-clang 0.3.5 6.91 43.51 50.42 OK
r-devel-linux-x86_64-debian-gcc 0.3.5 0.40 1.58 1.98 ERROR
r-devel-linux-x86_64-fedora-clang 0.3.5 62.05 OK
r-devel-linux-x86_64-fedora-gcc 0.3.5 59.46 OK
r-devel-windows-x86_64 0.3.5 6.00 56.00 62.00 OK
r-patched-linux-x86_64 0.3.5 6.80 42.32 49.12 OK
r-release-linux-x86_64 0.3.5 4.10 42.31 46.41 OK
r-release-macos-arm64 0.3.5 71.00 OK
r-release-macos-x86_64 0.3.5 111.00 OK
r-release-windows-x86_64 0.3.5 8.00 105.00 113.00 OK
r-oldrel-macos-arm64 0.3.5 162.00 OK
r-oldrel-macos-x86_64 0.3.5 166.00 OK
r-oldrel-windows-x86_64 0.3.5 9.00 62.00 71.00 OK

Check Details

Version: 0.3.5
Check: package dependencies
Result: ERROR Packages required but not available: 'stringr', 'lubridate', 'tidyr', 'htmlTable' See section ‘The DESCRIPTION file’ in the ‘Writing R Extensions’ manual. Flavor: r-devel-linux-x86_64-debian-gcc