CRAN Package Check Results for Package packDAMipd

Last updated on 2022-12-04 20:53:31 CET.

Flavor Version Tinstall Tcheck Ttotal Status Flags
r-devel-linux-x86_64-debian-clang 0.2.2 29.97 407.88 437.85 OK
r-devel-linux-x86_64-debian-gcc 0.2.2 22.27 299.45 321.72 OK
r-devel-linux-x86_64-fedora-clang 0.2.2 403.24 NOTE
r-devel-linux-x86_64-fedora-gcc 0.2.2 557.30 NOTE
r-devel-windows-x86_64 0.2.2 125.00 527.00 652.00 OK
r-patched-linux-x86_64 0.2.2 27.17 375.76 402.93 OK
r-release-linux-x86_64 0.2.2 28.52 358.43 386.95 OK
r-release-macos-arm64 0.2.2 122.00 NOTE
r-release-macos-x86_64 0.2.2 207.00 NOTE
r-release-windows-x86_64 0.2.2 156.00 505.00 661.00 OK
r-oldrel-macos-arm64 0.2.2 187.00 NOTE
r-oldrel-macos-x86_64 0.2.2 267.00 NOTE
r-oldrel-windows-ix86+x86_64 0.2.2 72.00 498.00 570.00 OK

Check Details

Version: 0.2.2
Check: package dependencies
Result: NOTE
    Imports includes 29 non-default packages.
    Importing from so many packages makes the package vulnerable to any of
    them becoming unavailable. Move as many as possible to Suggests and
    use conditionally.
Flavor: r-devel-linux-x86_64-fedora-clang

Version: 0.2.2
Check: dependencies in R code
Result: NOTE
    Namespaces in Imports field not imported from:
     ‘flexsurv’ ‘nlme’ ‘tibble’ ‘tidyverse’ ‘tm’
     All declared Imports should be used.
Flavors: r-devel-linux-x86_64-fedora-clang, r-devel-linux-x86_64-fedora-gcc, r-release-macos-arm64, r-release-macos-x86_64, r-oldrel-macos-arm64, r-oldrel-macos-x86_64