Last updated on 2024-04-17 20:57:43 CEST.
Flavor | Version | Tinstall | Tcheck | Ttotal | Status | Flags |
---|---|---|---|---|---|---|
r-devel-linux-x86_64-debian-clang | 1.1.0 | 33.95 | 962.27 | 996.22 | OK | |
r-devel-linux-x86_64-debian-gcc | 1.1.0 | 26.85 | 651.35 | 678.20 | OK | |
r-devel-linux-x86_64-fedora-clang | 1.1.0 | 1160.42 | NOTE | |||
r-devel-linux-x86_64-fedora-gcc | 1.1.0 | 1135.92 | OK | |||
r-prerel-macos-arm64 | 1.1.0 | 250.00 | NOTE | |||
r-prerel-macos-x86_64 | 1.1.0 | 364.00 | NOTE | |||
r-prerel-windows-x86_64 | 1.1.0 | 28.00 | 745.00 | 773.00 | NOTE | |
r-patched-linux-x86_64 | 1.1.0 | 31.20 | 882.19 | 913.39 | OK | |
r-release-linux-x86_64 | 1.1.0 | 34.02 | 909.86 | 943.88 | OK | |
r-release-macos-arm64 | 1.1.0 | 170.00 | NOTE | |||
r-release-macos-x86_64 | 1.1.0 | 401.00 | NOTE | |||
r-release-windows-x86_64 | 1.1.0 | 40.00 | 1049.00 | 1089.00 | NOTE | |
r-oldrel-macos-arm64 | 0.2.2 | 122.00 | NOTE | |||
r-oldrel-windows-x86_64 | 0.2.2 | 35.00 | 369.00 | 404.00 | OK |
Version: 1.1.0
Check: package dependencies
Result: NOTE
Imports includes 29 non-default packages.
Importing from so many packages makes the package vulnerable to any of
them becoming unavailable. Move as many as possible to Suggests and
use conditionally.
Flavor: r-devel-linux-x86_64-fedora-clang
Version: 1.1.0
Check: installed package size
Result: NOTE
installed size is 5.8Mb
sub-directories of 1Mb or more:
extdata 4.3Mb
Flavors: r-devel-linux-x86_64-fedora-clang, r-prerel-macos-arm64, r-prerel-macos-x86_64, r-prerel-windows-x86_64, r-release-macos-arm64, r-release-macos-x86_64, r-release-windows-x86_64
Version: 0.2.2
Check: dependencies in R code
Result: NOTE
Namespaces in Imports field not imported from:
‘flexsurv’ ‘nlme’ ‘tibble’ ‘tidyverse’ ‘tm’
All declared Imports should be used.
Flavor: r-oldrel-macos-arm64