Last updated on 2024-04-17 20:57:43 CEST.
Flavor | Version | Tinstall | Tcheck | Ttotal | Status | Flags |
---|---|---|---|---|---|---|
r-devel-linux-x86_64-debian-clang | 1.2-4 | 9.63 | 97.15 | 106.78 | NOTE | |
r-devel-linux-x86_64-debian-gcc | 1.2-4 | 7.46 | 72.78 | 80.24 | NOTE | |
r-devel-linux-x86_64-fedora-clang | 1.2-4 | 129.24 | NOTE | |||
r-devel-linux-x86_64-fedora-gcc | 1.2-4 | 139.07 | NOTE | |||
r-prerel-macos-arm64 | 1.2-4 | 46.00 | NOTE | |||
r-prerel-windows-x86_64 | 1.2-4 | 9.00 | 113.00 | 122.00 | NOTE | |
r-patched-linux-x86_64 | 1.2-4 | 10.51 | 92.46 | 102.97 | NOTE | |
r-release-linux-x86_64 | 1.2-4 | 9.18 | 89.15 | 98.33 | OK | |
r-release-macos-arm64 | 1.2-4 | 56.00 | OK | |||
r-release-macos-x86_64 | 1.2-4 | 122.00 | OK | |||
r-release-windows-x86_64 | 1.2-4 | 12.00 | 122.00 | 134.00 | OK | |
r-oldrel-macos-arm64 | 1.2-4 | 52.00 | OK | |||
r-oldrel-windows-x86_64 | 1.2-4 | 12.00 | 123.00 | 135.00 | OK |
Version: 1.2-4
Check: Rd files
Result: NOTE
checkRd: (-1) returns.Rd:21: Lost braces; missing escapes or markup?
21 | \item{...}{Other options including {type} which refers to the
| ^
Flavors: r-devel-linux-x86_64-debian-clang, r-devel-linux-x86_64-debian-gcc, r-devel-linux-x86_64-fedora-clang, r-devel-linux-x86_64-fedora-gcc, r-prerel-macos-arm64, r-prerel-windows-x86_64, r-patched-linux-x86_64