Last updated on 2024-04-18 21:56:59 CEST.
Flavor | Version | Tinstall | Tcheck | Ttotal | Status | Flags |
---|---|---|---|---|---|---|
r-devel-linux-x86_64-debian-clang | 1.1.1 | 120.13 | 50.49 | 170.62 | OK | |
r-devel-linux-x86_64-debian-gcc | 1.1.1 | 79.15 | 36.90 | 116.05 | OK | |
r-devel-linux-x86_64-fedora-clang | 1.1.1 | 233.55 | OK | |||
r-devel-linux-x86_64-fedora-gcc | 1.1.1 | 238.39 | OK | |||
r-prerel-macos-arm64 | 1.1.1 | 50.00 | OK | |||
r-prerel-windows-x86_64 | 1.1.1 | 76.00 | 83.00 | 159.00 | NOTE | |
r-patched-linux-x86_64 | 1.1.1 | 104.27 | 47.71 | 151.98 | OK | |
r-release-linux-x86_64 | 1.1.1 | 94.89 | 46.98 | 141.87 | OK | |
r-release-macos-arm64 | 1.1.1 | 57.00 | OK | |||
r-release-macos-x86_64 | 1.1.1 | 98.00 | OK | |||
r-release-windows-x86_64 | 1.1.1 | 99.00 | 93.00 | 192.00 | NOTE | |
r-oldrel-macos-arm64 | 1.1.1 | 51.00 | OK | |||
r-oldrel-windows-x86_64 | 1.1.1 | 97.00 | 82.00 | 179.00 | OK |
Version: 1.1.1
Check: C++ specification
Result: NOTE
Specified C++11: please drop specification unless essential
Flavors: r-prerel-windows-x86_64, r-release-windows-x86_64