Last updated on 2023-06-08 21:52:14 CEST.
Flavor | Version | Tinstall | Tcheck | Ttotal | Status | Flags |
---|---|---|---|---|---|---|
r-devel-linux-x86_64-debian-clang | 0.2.2 | 2.62 | 39.89 | 42.51 | NOTE | |
r-devel-linux-x86_64-debian-gcc | 0.2.2 | 2.05 | 30.93 | 32.98 | NOTE | |
r-devel-linux-x86_64-fedora-clang | 0.2.2 | 53.57 | NOTE | |||
r-devel-linux-x86_64-fedora-gcc | 0.2.2 | 50.69 | NOTE | |||
r-devel-windows-x86_64 | 0.2.2 | 4.00 | 50.00 | 54.00 | NOTE | |
r-patched-linux-x86_64 | 0.2.2 | 2.07 | 37.64 | 39.71 | NOTE | |
r-release-linux-x86_64 | 0.2.2 | 2.47 | 37.41 | 39.88 | NOTE | |
r-release-macos-arm64 | 0.2.2 | 21.00 | NOTE | |||
r-release-macos-x86_64 | 0.2.2 | 28.00 | NOTE | |||
r-release-windows-x86_64 | 0.2.2 | 4.00 | 54.00 | 58.00 | NOTE | |
r-oldrel-macos-arm64 | 0.2.2 | 18.00 | NOTE | |||
r-oldrel-macos-x86_64 | 0.2.2 | 34.00 | NOTE | |||
r-oldrel-windows-x86_64 | 0.2.2 | 4.00 | 58.00 | 62.00 | NOTE |
Version: 0.2.2
Check: LazyData
Result: NOTE
'LazyData' is specified without a 'data' directory
Flavors: r-devel-linux-x86_64-debian-clang, r-devel-linux-x86_64-debian-gcc, r-devel-linux-x86_64-fedora-clang, r-devel-linux-x86_64-fedora-gcc, r-devel-windows-x86_64, r-patched-linux-x86_64, r-release-linux-x86_64, r-release-macos-arm64, r-release-macos-x86_64, r-release-windows-x86_64, r-oldrel-macos-arm64, r-oldrel-macos-x86_64, r-oldrel-windows-x86_64