Last updated on 2025-07-03 20:50:45 CEST.
Flavor | Version | Tinstall | Tcheck | Ttotal | Status | Flags |
---|---|---|---|---|---|---|
r-devel-linux-x86_64-debian-clang | 1.9.0 | 4.05 | 27.15 | 31.20 | NOTE | |
r-devel-linux-x86_64-debian-gcc | 1.9.0 | 2.98 | 21.16 | 24.14 | NOTE | |
r-devel-linux-x86_64-fedora-clang | 1.9.0 | 46.05 | OK | |||
r-devel-linux-x86_64-fedora-gcc | 1.9.0 | 44.96 | OK | |||
r-devel-windows-x86_64 | 1.9.0 | 5.00 | 50.00 | 55.00 | OK | |
r-patched-linux-x86_64 | 1.9.0 | 4.60 | 24.46 | 29.06 | OK | |
r-release-linux-x86_64 | 1.9.0 | 3.97 | 24.38 | 28.35 | OK | |
r-release-macos-arm64 | 1.9.0 | 19.00 | OK | |||
r-release-macos-x86_64 | 1.9.0 | 31.00 | OK | |||
r-release-windows-x86_64 | 1.9.0 | 6.00 | 53.00 | 59.00 | OK | |
r-oldrel-macos-arm64 | 1.9.0 | 19.00 | OK | |||
r-oldrel-macos-x86_64 | 1.9.0 | 24.00 | OK | |||
r-oldrel-windows-x86_64 | 1.9.0 | 5.00 | 56.00 | 61.00 | OK |
Version: 1.9.0
Check: CRAN incoming feasibility
Result: NOTE
Maintainer: ‘Finlay Campbell <finlaycampbell93@gmail.com>’
Found the following URLs which should use \doi (with the DOI name only):
File ‘zika_girardot_2015.Rd’:
https://doi.org/10.2807/1560-7917.ES.2016.21.28.30283
Flavors: r-devel-linux-x86_64-debian-clang, r-devel-linux-x86_64-debian-gcc