Last updated on 2024-04-18 21:56:59 CEST.
Flavor | Version | Tinstall | Tcheck | Ttotal | Status | Flags |
---|---|---|---|---|---|---|
r-devel-linux-x86_64-debian-clang | 1.1.3 | 57.54 | 229.50 | 287.04 | NOTE | |
r-devel-linux-x86_64-debian-gcc | 1.1.3 | 47.51 | 181.60 | 229.11 | NOTE | |
r-devel-linux-x86_64-fedora-clang | 1.1.3 | 403.84 | NOTE | |||
r-devel-linux-x86_64-fedora-gcc | 1.1.3 | 415.00 | NOTE | |||
r-prerel-macos-arm64 | 1.1.3 | 139.00 | NOTE | |||
r-prerel-windows-x86_64 | 1.1.3 | 46.00 | 191.00 | 237.00 | NOTE | |
r-patched-linux-x86_64 | 1.1.3 | 56.23 | 223.62 | 279.85 | NOTE | |
r-release-linux-x86_64 | 1.1.3 | 60.95 | 229.55 | 290.50 | NOTE | |
r-release-macos-arm64 | 1.1.3 | 124.00 | NOTE | |||
r-release-macos-x86_64 | 1.1.3 | 243.00 | NOTE | |||
r-release-windows-x86_64 | 1.1.3 | 59.00 | 235.00 | 294.00 | NOTE | |
r-oldrel-macos-arm64 | 1.1.3 | 143.00 | OK | |||
r-oldrel-windows-x86_64 | 1.1.3 | 56.00 | 225.00 | 281.00 | OK |
Version: 1.1.3
Check: C++ specification
Result: NOTE
Specified C++11: please drop specification unless essential
Flavors: r-devel-linux-x86_64-debian-clang, r-devel-linux-x86_64-debian-gcc, r-devel-linux-x86_64-fedora-clang, r-devel-linux-x86_64-fedora-gcc, r-prerel-macos-arm64, r-prerel-windows-x86_64, r-patched-linux-x86_64, r-release-linux-x86_64, r-release-macos-arm64, r-release-macos-x86_64, r-release-windows-x86_64